81.70.59.147 - - [02/Aug/2026:16:09:01 -0500] "GET /wp-content/plugins/cleantalk-spam-protect/css/cleantalk-email-decoder.min.css?ver=6.68_1764763990 HTTP/2" 200 545 "https://storetransform.com/tag/google-business-profile-optimization/" "Mozilla/5.0 (Macintosh; Intel Mac OS X 10_15_7) AppleWebKit/537.36 (KHTML, like Gecko) Chrome/145.0.0.0 Safari/537.36"
81.70.59.147 - - [02/Aug/2026:16:09:01 -0500] "GET /wp-content/plugins/country-phone-field-contact-form-7/assets/css/intlTelInput.min.css?ver=6.9.1 HTTP/2" 200 2525 "https://storetransform.com/tag/google-business-profile-optimization/" "Mozilla/5.0 (Macintosh; Intel Mac OS X 10_15_7) AppleWebKit/537.36 (KHTML, like Gecko) Chrome/145.0.0.0 Safari/537.36"
81.70.59.147 - - [02/Aug/2026:16:09:01 -0500] "GET /wp-content/plugins/wp-ai-chatbot/assets/css/chatbot.css?ver=1766658601 HTTP/2" 200 3920 "https://storetransform.com/tag/google-business-profile-optimization/" "Mozilla/5.0 (Macintosh; Intel Mac OS X 10_15_7) AppleWebKit/537.36 (KHTML, like Gecko) Chrome/145.0.0.0 Safari/537.36"
81.70.59.147 - - [02/Aug/2026:16:09:01 -0500] "GET /wp-content/plugins/st-stock-management/includes/style.css?ver=6.9.1 HTTP/2" 404 19995 "https://storetransform.com/tag/google-business-profile-optimization/" "Mozilla/5.0 (Macintosh; Intel Mac OS X 10_15_7) AppleWebKit/537.36 (KHTML, like Gecko) Chrome/145.0.0.0 Safari/537.36"
81.70.59.147 - - [02/Aug/2026:16:09:01 -0500] "GET /wp-content/themes/twenty-twenty-one-child/style.css?ver=6.9.1 HTTP/2" 200 1662 "https://storetransform.com/tag/google-business-profile-optimization/" "Mozilla/5.0 (Macintosh; Intel Mac OS X 10_15_7) AppleWebKit/537.36 (KHTML, like Gecko) Chrome/145.0.0.0 Safari/537.36"
81.70.59.147 - - [02/Aug/2026:16:09:01 -0500] "GET /wp-content/themes/twenty-twenty-one-child/css/menu-style.css?ver=6.9.1 HTTP/2" 200 2697 "https://storetransform.com/tag/google-business-profile-optimization/" "Mozilla/5.0 (Macintosh; Intel Mac OS X 10_15_7) AppleWebKit/537.36 (KHTML, like Gecko) Chrome/145.0.0.0 Safari/537.36"
81.70.59.147 - - [02/Aug/2026:16:09:01 -0500] "GET /wp-content/themes/twenty-twenty-one-child/css/animation.css?ver=6.9.1 HTTP/2" 200 1117 "https://storetransform.com/tag/google-business-profile-optimization/" "Mozilla/5.0 (Macintosh; Intel Mac OS X 10_15_7) AppleWebKit/537.36 (KHTML, like Gecko) Chrome/145.0.0.0 Safari/537.36"
81.70.59.147 - - [02/Aug/2026:16:09:01 -0500] "GET /wp-content/themes/twenty-twenty-one-child/css/st-custom.css?ver=6.9.1 HTTP/2" 200 6213 "https://storetransform.com/tag/google-business-profile-optimization/" "Mozilla/5.0 (Macintosh; Intel Mac OS X 10_15_7) AppleWebKit/537.36 (KHTML, like Gecko) Chrome/145.0.0.0 Safari/537.36"
81.70.59.147 - - [02/Aug/2026:16:09:01 -0500] "GET /wp-content/themes/twenty-twenty-one-child/css/responsive.css?ver=6.9.1 HTTP/2" 200 8539 "https://storetransform.com/tag/google-business-profile-optimization/" "Mozilla/5.0 (Macintosh; Intel Mac OS X 10_15_7) AppleWebKit/537.36 (KHTML, like Gecko) Chrome/145.0.0.0 Safari/537.36"
81.70.59.147 - - [02/Aug/2026:16:09:01 -0500] "GET /wp-content/themes/twenty-twenty-one-child/css/gs-custom.css?ver=6.9.1 HTTP/2" 200 20129 "https://storetransform.com/tag/google-business-profile-optimization/" "Mozilla/5.0 (Macintosh; Intel Mac OS X 10_15_7) AppleWebKit/537.36 (KHTML, like Gecko) Chrome/145.0.0.0 Safari/537.36"
81.70.59.147 - - [02/Aug/2026:16:09:01 -0500] "GET /wp-content/plugins/st-stock-management/public/js/st-stock-management-public.js?ver=1.0.0 HTTP/2" 200 1498 "https://storetransform.com/tag/google-business-profile-optimization/" "Mozilla/5.0 (Macintosh; Intel Mac OS X 10_15_7) AppleWebKit/537.36 (KHTML, like Gecko) Chrome/145.0.0.0 Safari/537.36"
81.70.59.147 - - [02/Aug/2026:16:09:01 -0500] "GET /wp-content/themes/twenty-twenty-one-child/js/st-custom.js?ver=6.9.1 HTTP/2" 200 1815 "https://storetransform.com/tag/google-business-profile-optimization/" "Mozilla/5.0 (Macintosh; Intel Mac OS X 10_15_7) AppleWebKit/537.36 (KHTML, like Gecko) Chrome/145.0.0.0 Safari/537.36"
81.70.59.147 - - [02/Aug/2026:16:09:01 -0500] "GET /wp-content/themes/twenty-twenty-one-child/js/custom.js?ver=6.9.1 HTTP/2" 200 2814 "https://storetransform.com/tag/google-business-profile-optimization/" "Mozilla/5.0 (Macintosh; Intel Mac OS X 10_15_7) AppleWebKit/537.36 (KHTML, like Gecko) Chrome/145.0.0.0 Safari/537.36"
81.70.59.147 - - [02/Aug/2026:16:09:01 -0500] "GET /wp-includes/js/dist/hooks.min.js?ver=dd5603f07f9220ed27f1 HTTP/2" 200 1852 "https://storetransform.com/tag/google-business-profile-optimization/" "Mozilla/5.0 (Macintosh; Intel Mac OS X 10_15_7) AppleWebKit/537.36 (KHTML, like Gecko) Chrome/145.0.0.0 Safari/537.36"
81.70.59.147 - - [02/Aug/2026:16:09:01 -0500] "GET /wp-includes/js/dist/i18n.min.js?ver=c26c3dc7bed366793375 HTTP/2" 200 2119 "https://storetransform.com/tag/google-business-profile-optimization/" "Mozilla/5.0 (Macintosh; Intel Mac OS X 10_15_7) AppleWebKit/537.36 (KHTML, like Gecko) Chrome/145.0.0.0 Safari/537.36"
81.70.59.147 - - [02/Aug/2026:16:09:01 -0500] "GET /wp-content/plugins/contact-form-7/includes/swv/js/index.js?ver=6.1.5 HTTP/2" 200 3369 "https://storetransform.com/tag/google-business-profile-optimization/" "Mozilla/5.0 (Macintosh; Intel Mac OS X 10_15_7) AppleWebKit/537.36 (KHTML, like Gecko) Chrome/145.0.0.0 Safari/537.36"
81.70.59.147 - - [02/Aug/2026:16:09:01 -0500] "GET /wp-content/plugins/wp-job-openings/assets/js/script.min.js?ver=3.5.4 HTTP/2" 200 14837 "https://storetransform.com/tag/google-business-profile-optimization/" "Mozilla/5.0 (Macintosh; Intel Mac OS X 10_15_7) AppleWebKit/537.36 (KHTML, like Gecko) Chrome/145.0.0.0 Safari/537.36"
81.70.59.147 - - [02/Aug/2026:16:09:01 -0500] "GET /wp-content/themes/twenty-twenty-one-child/js/new.js?ver=6.9.1 HTTP/2" 200 157 "https://storetransform.com/tag/google-business-profile-optimization/" "Mozilla/5.0 (Macintosh; Intel Mac OS X 10_15_7) AppleWebKit/537.36 (KHTML, like Gecko) Chrome/145.0.0.0 Safari/537.36"
81.70.59.147 - - [02/Aug/2026:16:09:01 -0500] "GET /wp-content/plugins/contact-form-7/includes/js/index.js?ver=6.1.5 HTTP/2" 200 4008 "https://storetransform.com/tag/google-business-profile-optimization/" "Mozilla/5.0 (Macintosh; Intel Mac OS X 10_15_7) AppleWebKit/537.36 (KHTML, like Gecko) Chrome/145.0.0.0 Safari/537.36"
81.70.59.147 - - [02/Aug/2026:16:09:01 -0500] "GET /wp-includes/js/jquery/jquery-migrate.min.js?ver=3.4.1 HTTP/2" 200 4678 "https://storetransform.com/tag/google-business-profile-optimization/" "Mozilla/5.0 (Macintosh; Intel Mac OS X 10_15_7) AppleWebKit/537.36 (KHTML, like Gecko) Chrome/145.0.0.0 Safari/537.36"
81.70.59.147 - - [02/Aug/2026:16:09:01 -0500] "GET /wp-content/plugins/wp-ai-chatbot/assets/js/chatbot.js?ver=1766661010 HTTP/2" 200 2567 "https://storetransform.com/tag/google-business-profile-optimization/" "Mozilla/5.0 (Macintosh; Intel Mac OS X 10_15_7) AppleWebKit/537.36 (KHTML, like Gecko) Chrome/145.0.0.0 Safari/537.36"
81.70.59.147 - - [02/Aug/2026:16:09:01 -0500] "GET /wp-content/plugins/country-phone-field-contact-form-7/assets/js/countrySelect.min.js?ver=6.9.1 HTTP/2" 200 6121 "https://storetransform.com/tag/google-business-profile-optimization/" "Mozilla/5.0 (Macintosh; Intel Mac OS X 10_15_7) AppleWebKit/537.36 (KHTML, like Gecko) Chrome/145.0.0.0 Safari/537.36"
81.70.59.147 - - [02/Aug/2026:16:09:01 -0500] "GET /wp-content/plugins/country-phone-field-contact-form-7/assets/js/intlTelInput.min.js?ver=6.9.1 HTTP/2" 200 9174 "https://storetransform.com/tag/google-business-profile-optimization/" "Mozilla/5.0 (Macintosh; Intel Mac OS X 10_15_7) AppleWebKit/537.36 (KHTML, like Gecko) Chrome/145.0.0.0 Safari/537.36"
81.70.59.147 - - [02/Aug/2026:16:09:01 -0500] "GET /wp-content/plugins/newsletter/main.js?ver=9.1.2 HTTP/2" 200 319 "https://storetransform.com/tag/google-business-profile-optimization/" "Mozilla/5.0 (Macintosh; Intel Mac OS X 10_15_7) AppleWebKit/537.36 (KHTML, like Gecko) Chrome/145.0.0.0 Safari/537.36"
81.70.59.147 - - [02/Aug/2026:16:09:01 -0500] "GET /wp-content/themes/twentytwentyone/assets/js/responsive-embeds.js?ver=1.5 HTTP/2" 200 483 "https://storetransform.com/tag/google-business-profile-optimization/" "Mozilla/5.0 (Macintosh; Intel Mac OS X 10_15_7) AppleWebKit/537.36 (KHTML, like Gecko) Chrome/145.0.0.0 Safari/537.36"
81.70.59.147 - - [02/Aug/2026:16:09:01 -0500] "GET /wp-content/plugins/st-stock-management/includes/script.js HTTP/2" 404 19995 "https://storetransform.com/tag/google-business-profile-optimization/" "Mozilla/5.0 (Macintosh; Intel Mac OS X 10_15_7) AppleWebKit/537.36 (KHTML, like Gecko) Chrome/145.0.0.0 Safari/537.36"
81.70.59.147 - - [02/Aug/2026:16:09:01 -0500] "GET /wp-content/plugins/contact-form-7/modules/recaptcha/index.js?ver=6.1.5 HTTP/2" 200 417 "https://storetransform.com/tag/google-business-profile-optimization/" "Mozilla/5.0 (Macintosh; Intel Mac OS X 10_15_7) AppleWebKit/537.36 (KHTML, like Gecko) Chrome/145.0.0.0 Safari/537.36"
81.70.59.147 - - [02/Aug/2026:16:09:01 -0500] "GET /wp-includes/js/dist/vendor/wp-polyfill.min.js?ver=3.15.0 HTTP/2" 200 11540 "https://storetransform.com/tag/google-business-profile-optimization/" "Mozilla/5.0 (Macintosh; Intel Mac OS X 10_15_7) AppleWebKit/537.36 (KHTML, like Gecko) Chrome/145.0.0.0 Safari/537.36"
81.70.59.147 - - [02/Aug/2026:16:09:01 -0500] "GET /wp-content/plugins/cleantalk-spam-protect/js/apbct-public-bundle.min.js?ver=6.68_1764763990 HTTP/2" 200 17093 "https://storetransform.com/tag/google-business-profile-optimization/" "Mozilla/5.0 (Macintosh; Intel Mac OS X 10_15_7) AppleWebKit/537.36 (KHTML, like Gecko) Chrome/145.0.0.0 Safari/537.36"
81.70.59.147 - - [02/Aug/2026:16:09:01 -0500] "GET /wp-includes/js/jquery/jquery.min.js?ver=3.7.1 HTTP/2" 200 29744 "https://storetransform.com/tag/google-business-profile-optimization/" "Mozilla/5.0 (Macintosh; Intel Mac OS X 10_15_7) AppleWebKit/537.36 (KHTML, like Gecko) Chrome/145.0.0.0 Safari/537.36"
81.70.59.147 - - [02/Aug/2026:16:09:03 -0500] "GET /wp-content/themes/twentytwentyone/assets/js/primary-navigation.js?ver=1.5 HTTP/2" 200 1873 "https://storetransform.com/tag/google-business-profile-optimization/" "Mozilla/5.0 (Macintosh; Intel Mac OS X 10_15_7) AppleWebKit/537.36 (KHTML, like Gecko) Chrome/145.0.0.0 Safari/537.36"
81.70.59.147 - - [02/Aug/2026:16:09:03 -0500] "GET /wp-content/themes/twentytwentyone/assets/css/print.css?ver=1.5 HTTP/2" 200 962 "https://storetransform.com/tag/google-business-profile-optimization/" "Mozilla/5.0 (Macintosh; Intel Mac OS X 10_15_7) AppleWebKit/537.36 (KHTML, like Gecko) Chrome/145.0.0.0 Safari/537.36"
81.70.59.147 - - [02/Aug/2026:16:09:03 -0500] "GET /wp-content/plugins/wp-ai-chatbot/assets/js/chat-engine.js HTTP/2" 200 890 "https://storetransform.com/wp-content/plugins/wp-ai-chatbot/assets/js/chatbot.js?ver=1766661010" "Mozilla/5.0 (Macintosh; Intel Mac OS X 10_15_7) AppleWebKit/537.36 (KHTML, like Gecko) Chrome/145.0.0.0 Safari/537.36"
81.70.59.147 - - [02/Aug/2026:16:09:03 -0500] "GET /wp-content/plugins/wp-ai-chatbot/assets/js/utils.js HTTP/2" 200 1068 "https://storetransform.com/wp-content/plugins/wp-ai-chatbot/assets/js/chatbot.js?ver=1766661010" "Mozilla/5.0 (Macintosh; Intel Mac OS X 10_15_7) AppleWebKit/537.36 (KHTML, like Gecko) Chrome/145.0.0.0 Safari/537.36"
81.70.59.147 - - [02/Aug/2026:16:09:04 -0500] "GET /wp-content/plugins/wp-ai-chatbot/assets/js/ui.js HTTP/2" 200 5956 "https://storetransform.com/wp-content/plugins/wp-ai-chatbot/assets/js/chatbot.js?ver=1766661010" "Mozilla/5.0 (Macintosh; Intel Mac OS X 10_15_7) AppleWebKit/537.36 (KHTML, like Gecko) Chrome/145.0.0.0 Safari/537.36"
81.70.59.147 - - [02/Aug/2026:16:09:04 -0500] "GET /wp-content/plugins/wp-ai-chatbot/assets/js/flows.js HTTP/2" 200 10280 "https://storetransform.com/wp-content/plugins/wp-ai-chatbot/assets/js/chatbot.js?ver=1766661010" "Mozilla/5.0 (Macintosh; Intel Mac OS X 10_15_7) AppleWebKit/537.36 (KHTML, like Gecko) Chrome/145.0.0.0 Safari/537.36"
81.70.59.147 - - [02/Aug/2026:16:09:04 -0500] "GET /wp-content/plugins/wp-ai-chatbot/assets/js/constants.js HTTP/2" 200 469 "https://storetransform.com/wp-content/plugins/wp-ai-chatbot/assets/js/flows.js" "Mozilla/5.0 (Macintosh; Intel Mac OS X 10_15_7) AppleWebKit/537.36 (KHTML, like Gecko) Chrome/145.0.0.0 Safari/537.36"
81.70.59.147 - - [02/Aug/2026:16:09:04 -0500] "GET /wp-content/plugins/wp-ai-chatbot/assets/js/country-list.js HTTP/2" 200 1636 "https://storetransform.com/wp-content/plugins/wp-ai-chatbot/assets/js/ui.js" "Mozilla/5.0 (Macintosh; Intel Mac OS X 10_15_7) AppleWebKit/537.36 (KHTML, like Gecko) Chrome/145.0.0.0 Safari/537.36"
81.70.59.147 - - [02/Aug/2026:16:09:04 -0500] "GET /wp-content/plugins/wp-ai-chatbot/assets/js/edit-button-toggle.js HTTP/2" 200 174 "https://storetransform.com/wp-content/plugins/wp-ai-chatbot/assets/js/flows.js" "Mozilla/5.0 (Macintosh; Intel Mac OS X 10_15_7) AppleWebKit/537.36 (KHTML, like Gecko) Chrome/145.0.0.0 Safari/537.36"
81.70.59.147 - - [02/Aug/2026:16:09:04 -0500] "GET /wp-content/plugins/wp-ai-chatbot/assets/js/detect-country.js HTTP/2" 200 426 "https://storetransform.com/wp-content/plugins/wp-ai-chatbot/assets/js/ui.js" "Mozilla/5.0 (Macintosh; Intel Mac OS X 10_15_7) AppleWebKit/537.36 (KHTML, like Gecko) Chrome/145.0.0.0 Safari/537.36"
81.70.59.147 - - [02/Aug/2026:16:09:05 -0500] "GET /wp-json/wpai/v1/services HTTP/2" 200 1433 "https://storetransform.com/tag/google-business-profile-optimization/" "Mozilla/5.0 (Macintosh; Intel Mac OS X 10_15_7) AppleWebKit/537.36 (KHTML, like Gecko) Chrome/145.0.0.0 Safari/537.36"
2600:4c00:80:143::3a6 - - [02/Aug/2026:16:09:05 -0500] "POST /wp-cron.php?doing_wp_cron=1785704945.5733399391174316406250 HTTP/1.1" 200 0 "-" "WordPress/6.9.1; https://storetransform.com"
81.70.59.147 - - [02/Aug/2026:16:09:05 -0500] "GET /wp-content/plugins/wp-ai-chatbot/includes/captcha.php?timestamp=1785704945180 HTTP/2" 200 584 "https://storetransform.com/tag/google-business-profile-optimization/" "Mozilla/5.0 (Macintosh; Intel Mac OS X 10_15_7) AppleWebKit/537.36 (KHTML, like Gecko) Chrome/145.0.0.0 Safari/537.36"
81.70.59.147 - - [02/Aug/2026:16:09:05 -0500] "GET /wp-includes/js/wp-emoji-release.min.js?ver=6.9.1 HTTP/2" 200 4949 "https://storetransform.com/tag/google-business-profile-optimization/" "Mozilla/5.0 (Macintosh; Intel Mac OS X 10_15_7) AppleWebKit/537.36 (KHTML, like Gecko) Chrome/145.0.0.0 Safari/537.36"
85.208.96.195 - - [02/Aug/2026:16:18:27 -0500] "GET /robots.txt HTTP/1.1" 200 78 "-" "Mozilla/5.0 (compatible; SemrushBot/7~bl; +http://www.semrush.com/bot.html)"
2600:4c00:80:143::3a6 - - [02/Aug/2026:16:18:30 -0500] "POST /wp-cron.php?doing_wp_cron=1785705510.1547920703887939453125 HTTP/1.1" 200 0 "-" "WordPress/6.9.1; https://storetransform.com"
85.208.96.208 - - [02/Aug/2026:16:18:28 -0500] "GET /Project/page/2/ HTTP/1.1" 200 19167 "-" "Mozilla/5.0 (compatible; SemrushBot/7~bl; +http://www.semrush.com/bot.html)"
2600:4c00:80:143::3a6 - - [02/Aug/2026:16:24:25 -0500] "POST /wp-cron.php?doing_wp_cron=1785705865.6632180213928222656250 HTTP/1.1" 200 0 "-" "WordPress/6.9.1; https://storetransform.com"
43.164.190.28 - - [02/Aug/2026:16:24:22 -0500] "GET /wp-json/oembed/1.0/embed?url=https%3A%2F%2Fstoretransform.com%2Fcontact-us%2F&format=xml HTTP/1.1" 200 1348 "-" "Mozilla/5.0 (iPhone; CPU iPhone OS 13_2_3 like Mac OS X) AppleWebKit/605.1.15 (KHTML, like Gecko) Version/13.0.3 Mobile/15E148 Safari/604.1"
2001:4ca0:108:42::7 - - [02/Aug/2026:16:25:42 -0500] "HEAD / HTTP/3" 401 0 "-" "quic-go-HTTP/3"
66.249.74.66 - - [02/Aug/2026:16:30:09 -0500] "GET /jobs/it-project-manager-wordpress-e-commerce/ HTTP/1.1" 200 26308 "-" "Mozilla/5.0 (Linux; Android 6.0.1; Nexus 5X Build/MMB29P) AppleWebKit/537.36 (KHTML, like Gecko) Chrome/150.0.7871.186 Mobile Safari/537.36 (compatible; Googlebot/2.1; +http://www.google.com/bot.html)"
66.249.74.67 - - [02/Aug/2026:16:30:46 -0500] "GET /wp-content/plugins/wp-ai-chatbot/assets/js/utils.js HTTP/1.1" 200 1068 "https://storetransform.com/wp-content/plugins/wp-ai-chatbot/assets/js/chatbot.js?ver=1766661010" "Mozilla/5.0 (Linux; Android 6.0.1; Nexus 5X Build/MMB29P) AppleWebKit/537.36 (KHTML, like Gecko) Chrome/150.0.7871.186 Mobile Safari/537.36 (compatible; Googlebot/2.1; +http://www.google.com/bot.html)"
2600:4c00:80:143::3a6 - - [02/Aug/2026:16:30:51 -0500] "POST /wp-cron.php?doing_wp_cron=1785706251.0208170413970947265625 HTTP/1.1" 200 0 "-" "WordPress/6.9.1; https://storetransform.com"
2600:4c00:80:143::3a6 - - [02/Aug/2026:16:30:50 -0500] "POST / HTTP/1.1" 200 6 "-" "Cleantalk-Helper/1.0.0"
2600:4c00:80:143::3a6 - - [02/Aug/2026:16:30:51 -0500] "POST /?apbct_no_cache=1844728551 HTTP/1.1" 200 6 "-" "Cleantalk-Helper/1.0.0"
2600:4c00:80:143::3a6 - - [02/Aug/2026:16:30:51 -0500] "POST /?apbct_no_cache=124585267 HTTP/1.1" 200 6 "-" "Cleantalk-Helper/1.0.0"
66.249.74.67 - - [02/Aug/2026:16:30:47 -0500] "GET /wp-content/plugins/wp-ai-chatbot/includes/captcha.php?timestamp=1783296000000 HTTP/1.1" 200 605 "https://storetransform.com/jobs/it-project-manager-wordpress-e-commerce/" "Mozilla/5.0 (Linux; Android 6.0.1; Nexus 5X Build/MMB29P) AppleWebKit/537.36 (KHTML, like Gecko) Chrome/150.0.7871.186 Mobile Safari/537.36 (compatible; Googlebot/2.1; +http://www.google.com/bot.html)"
66.249.74.66 - - [02/Aug/2026:16:30:56 -0500] "POST /wp-admin/admin-ajax.php HTTP/1.1" 200 0 "https://storetransform.com/jobs/it-project-manager-wordpress-e-commerce/" "Mozilla/5.0 (Linux; Android 6.0.1; Nexus 5X Build/MMB29P) AppleWebKit/537.36 (KHTML, like Gecko) Chrome/150.0.7871.186 Mobile Safari/537.36 (compatible; Googlebot/2.1; +http://www.google.com/bot.html)"
216.73.217.47 - - [02/Aug/2026:16:32:37 -0500] "GET /robots.txt HTTP/2" 200 78 "-" "Mozilla/5.0 AppleWebKit/537.36 (KHTML, like Gecko; compatible; ClaudeBot/1.0; +claudebot@anthropic.com)"
2600:4c00:80:143::3a6 - - [02/Aug/2026:16:32:40 -0500] "POST /wp-cron.php?doing_wp_cron=1785706360.1434180736541748046875 HTTP/1.1" 200 0 "-" "WordPress/6.9.1; https://storetransform.com"
216.73.217.47 - - [02/Aug/2026:16:32:38 -0500] "GET /page-sitemap.xml HTTP/2" 200 1128 "-" "Mozilla/5.0 AppleWebKit/537.36 (KHTML, like Gecko; compatible; ClaudeBot/1.0; +claudebot@anthropic.com)"
2600:4c00:80:143::3a6 - - [02/Aug/2026:16:33:31 -0500] "POST /wp-cron.php?doing_wp_cron=1785706411.1018149852752685546875 HTTP/1.1" 200 0 "-" "WordPress/6.9.1; https://storetransform.com"
2a03:2880:f800:3e:: - - [02/Aug/2026:16:33:30 -0500] "GET /sitemap.html HTTP/2" 404 17980 "-" "Mozilla/5.0 (Windows NT 10.0; Win64; x64) AppleWebKit/537.36 (KHTML, like Gecko) Chrome/145.0.0.0 Safari/537.36 (compatible; meta-externalagent/1.1 (+https://developers.facebook.com/docs/sharing/webmasters/crawler))"
43.157.150.69 - - [02/Aug/2026:16:33:44 -0500] "GET /landing-page-design-services/ HTTP/1.1" 200 25630 "-" "Mozilla/5.0 (iPhone; CPU iPhone OS 13_2_3 like Mac OS X) AppleWebKit/605.1.15 (KHTML, like Gecko) Version/13.0.3 Mobile/15E148 Safari/604.1"
2600:4c00:80:143::3a6 - - [02/Aug/2026:16:36:54 -0500] "POST /wp-cron.php?doing_wp_cron=1785706614.2627940177917480468750 HTTP/1.1" 200 0 "-" "WordPress/6.9.1; https://storetransform.com"
149.57.176.30 - - [02/Aug/2026:16:36:53 -0500] "GET /jobs/senior-magento-2-developer HTTP/1.1" 301 0 "https://ummc.wd5.myworkdayjobs.com/en-US/UMCCareers/job/Jackson-MS---Main-Campus/August-Nurse-Graduate---Adult-Acute-Care---Infectious-Disease---2-North_R00052464-1" "Mozilla/5.0 (Windows NT 10.0; Win64; x64) AppleWebKit/537.36 (KHTML, like Gecko) Chrome/141.0.0.0 Safari/537.36"
149.57.176.30 - - [02/Aug/2026:16:36:54 -0500] "GET /jobs/senior-magento-2-developer/ HTTP/1.1" 200 24468 "https://ummc.wd5.myworkdayjobs.com/en-US/UMCCareers/job/Jackson-MS---Main-Campus/August-Nurse-Graduate---Adult-Acute-Care---Infectious-Disease---2-North_R00052464-1" "Mozilla/5.0 (Windows NT 10.0; Win64; x64) AppleWebKit/537.36 (KHTML, like Gecko) Chrome/141.0.0.0 Safari/537.36"
2600:4c00:80:143::3a6 - - [02/Aug/2026:16:40:44 -0500] "POST /wp-cron.php?doing_wp_cron=1785706844.4935610294342041015625 HTTP/1.1" 200 0 "-" "WordPress/6.9.1; https://storetransform.com"
142.44.220.255 - - [02/Aug/2026:16:40:40 -0500] "GET /testing/ HTTP/2" 404 19996 "-" "Mozilla/5.0 (compatible; AhrefsBot/7.0; +http://ahrefs.com/robot/)"
2600:4c00:80:143::3a6 - - [02/Aug/2026:16:45:00 -0500] "POST /wp-cron.php?doing_wp_cron=1785707100.7654280662536621093750 HTTP/1.1" 200 0 "-" "WordPress/6.9.1; https://storetransform.com"
43.135.115.233 - - [02/Aug/2026:16:44:59 -0500] "GET /?p=7597 HTTP/1.1" 301 0 "-" "Mozilla/5.0 (iPhone; CPU iPhone OS 13_2_3 like Mac OS X) AppleWebKit/605.1.15 (KHTML, like Gecko) Version/13.0.3 Mobile/15E148 Safari/604.1"
43.135.115.233 - - [02/Aug/2026:16:45:04 -0500] "GET /voice-search-seo-optimising-for-smart-speakers-ai-assistants/ HTTP/1.1" 200 27752 "https://storetransform.com/?p=7597" "Mozilla/5.0 (iPhone; CPU iPhone OS 13_2_3 like Mac OS X) AppleWebKit/605.1.15 (KHTML, like Gecko) Version/13.0.3 Mobile/15E148 Safari/604.1"
45.4.205.54 - - [02/Aug/2026:16:48:38 -0500] "GET / HTTP/1.1" 200 30469 "-" "Mozilla/5.0 (Windows NT 10.0; Win64; x64) AppleWebKit/537.36 (KHTML, like Gecko) Chrome/120.0.0.0 Safari/537.36"
207.166.164.19 - - [02/Aug/2026:16:50:57 -0500] "GET /wp-content/uploads/2025/04/How-to-Rank-Higher-on-Google.webp HTTP/2" 200 71640 "-" "Mozilla/5.0 (Windows NT 10.0; Win64; x64) AppleWebKit/537.36 (KHTML, like Gecko) Chrome/148.0.0.0 Safari/537.36"
2600:4c00:80:143::3a6 - - [02/Aug/2026:16:55:54 -0500] "POST /wp-cron.php?doing_wp_cron=1785707754.2311310768127441406250 HTTP/1.1" 200 0 "-" "WordPress/6.9.1; https://storetransform.com"
162.62.132.25 - - [02/Aug/2026:16:55:50 -0500] "GET /category/digital-marketing/social-media-optimization-digital-marketing/ HTTP/1.1" 200 18989 "-" "Mozilla/5.0 (iPhone; CPU iPhone OS 13_2_3 like Mac OS X) AppleWebKit/605.1.15 (KHTML, like Gecko) Version/13.0.3 Mobile/15E148 Safari/604.1"
2600:4c00:80:143::3a6 - - [02/Aug/2026:17:03:04 -0500] "POST /wp-cron.php?doing_wp_cron=1785708184.8594830036163330078125 HTTP/1.1" 200 0 "-" "WordPress/6.9.1; https://storetransform.com"
67.70.80.157 - - [02/Aug/2026:17:03:03 -0500] "GET /sportsclipmaker_new/2017/03/09/share-youtube-videos-facebook-messenger/ HTTP/1.1" 404 17979 "-" "Mozilla/5.0 (Macintosh; U; PPC Mac OS X; en) AppleWebKit/418.9 (KHTML, like Gecko) Safari/419.3"
43.131.45.213 - - [02/Aug/2026:17:04:17 -0500] "GET /category/local-seo/ HTTP/1.1" 200 19414 "-" "Mozilla/5.0 (iPhone; CPU iPhone OS 13_2_3 like Mac OS X) AppleWebKit/605.1.15 (KHTML, like Gecko) Version/13.0.3 Mobile/15E148 Safari/604.1"
142.173.81.144 - - [02/Aug/2026:17:04:20 -0500] "GET / HTTP/1.1" 200 33613 "-" "Mozilla/5.0 (Windows NT 10.0; Win64; x64) AppleWebKit/537.36 (KHTML, like Gecko) Chrome/151.0.0.0 Safari/537.36"
2600:4c00:80:143::3a6 - - [02/Aug/2026:17:09:26 -0500] "POST /wp-cron.php?doing_wp_cron=1785708566.6174468994140625000000 HTTP/1.1" 200 0 "-" "WordPress/6.9.1; https://storetransform.com"
40.77.167.23 - - [02/Aug/2026:17:09:25 -0500] "GET /page/9/?apbct__label_id__search_form=58887&s HTTP/2" 200 21917 "-" "Mozilla/5.0 AppleWebKit/537.36 (KHTML, like Gecko; compatible; bingbot/2.0; +http://www.bing.com/bingbot.htm) Chrome/116.0.1938.76 Safari/537.36"
66.249.74.66 - - [02/Aug/2026:17:10:02 -0500] "GET /jobs/ai-ml-developer/ HTTP/1.1" 200 26469 "-" "Mozilla/5.0 (Linux; Android 6.0.1; Nexus 5X Build/MMB29P) AppleWebKit/537.36 (KHTML, like Gecko) Chrome/150.0.7871.186 Mobile Safari/537.36 (compatible; Googlebot/2.1; +http://www.google.com/bot.html)"
101.47.41.22 - - [02/Aug/2026:17:11:09 -0500] "GET /wp-content/uploads/2024/06/13-anthropologie.png HTTP/2" 200 412220 "-" "Mozilla/5.0 (Windows NT 10.0; Win64; x64) AppleWebKit/537.36 (KHTML, like Gecko) Chrome/148.0.0.0 Safari/537.36"
2600:4c00:80:143::3a6 - - [02/Aug/2026:17:15:12 -0500] "POST /wp-cron.php?doing_wp_cron=1785708912.4453730583190917968750 HTTP/1.1" 200 0 "-" "WordPress/6.9.1; https://storetransform.com"
43.157.95.239 - - [02/Aug/2026:17:15:09 -0500] "GET /contact-us/embed/ HTTP/1.1" 200 7180 "-" "Mozilla/5.0 (iPhone; CPU iPhone OS 13_2_3 like Mac OS X) AppleWebKit/605.1.15 (KHTML, like Gecko) Version/13.0.3 Mobile/15E148 Safari/604.1"
66.249.74.66 - - [02/Aug/2026:17:16:00 -0500] "GET /wp-content/plugins/wp-ai-chatbot/assets/js/edit-button-toggle.js HTTP/1.1" 200 174 "https://storetransform.com/wp-content/plugins/wp-ai-chatbot/assets/js/flows.js" "Mozilla/5.0 (Linux; Android 6.0.1; Nexus 5X Build/MMB29P) AppleWebKit/537.36 (KHTML, like Gecko) Chrome/150.0.7871.186 Mobile Safari/537.36 (compatible; Googlebot/2.1; +http://www.google.com/bot.html)"
43.173.176.232 - - [02/Aug/2026:17:16:11 -0500] "GET / HTTP/1.1" 200 30461 "-" "Mozilla/5.0 (Windows NT 10.0; Win64; x64) AppleWebKit/537.36 (KHTML, like Gecko) Chrome/106.0.5249.119 Safari/537.36"
43.173.175.135 - - [02/Aug/2026:17:16:12 -0500] "GET /wp-content/themes/twenty-twenty-one-child/css/menu-style.css?ver=6.9.1 HTTP/1.1" 200 2923 "https://storetransform.com/" "Mozilla/5.0 (Windows NT 10.0; Win64; x64) AppleWebKit/537.36 (KHTML, like Gecko) Chrome/106.0.5249.119 Safari/537.36"
43.173.181.73 - - [02/Aug/2026:17:16:12 -0500] "GET /wp-content/plugins/country-phone-field-contact-form-7/assets/css/countrySelect.min.css?ver=6.9.1 HTTP/1.1" 200 2780 "https://storetransform.com/" "Mozilla/5.0 (Windows NT 10.0; Win64; x64) AppleWebKit/537.36 (KHTML, like Gecko) Chrome/106.0.5249.119 Safari/537.36"
43.172.196.198 - - [02/Aug/2026:17:16:13 -0500] "GET /wp-content/themes/twenty-twenty-one-child/js/new.js?ver=6.9.1 HTTP/1.1" 200 201 "https://storetransform.com/" "Mozilla/5.0 (Windows NT 10.0; Win64; x64) AppleWebKit/537.36 (KHTML, like Gecko) Chrome/106.0.5249.119 Safari/537.36"
66.249.74.67 - - [02/Aug/2026:17:16:16 -0500] "POST /wp-admin/admin-ajax.php HTTP/1.1" 200 0 "https://storetransform.com/jobs/ai-ml-developer/" "Mozilla/5.0 (Linux; Android 6.0.1; Nexus 5X Build/MMB29P) AppleWebKit/537.36 (KHTML, like Gecko) Chrome/150.0.7871.186 Mobile Safari/537.36 (compatible; Googlebot/2.1; +http://www.google.com/bot.html)"
2600:4c00:80:143::3a6 - - [02/Aug/2026:17:25:20 -0500] "POST /wp-cron.php?doing_wp_cron=1785709520.2717831134796142578125 HTTP/1.1" 200 0 "-" "WordPress/6.9.1; https://storetransform.com"
2001:4ca0:108:42::7 - - [02/Aug/2026:17:25:19 -0500] "HEAD / HTTP/3" 301 0 "-" "quic-go-HTTP/3"
43.166.246.180 - - [02/Aug/2026:17:26:20 -0500] "GET /landing-page-design-services/ HTTP/1.1" 200 25630 "-" "Mozilla/5.0 (iPhone; CPU iPhone OS 13_2_3 like Mac OS X) AppleWebKit/605.1.15 (KHTML, like Gecko) Version/13.0.3 Mobile/15E148 Safari/604.1"
31.57.40.207 - - [02/Aug/2026:17:28:40 -0500] "GET /blog/ HTTP/2" 200 24702 "-" "Mozilla/5.0 (iPhone; CPU iPhone OS 11_0 like Mac OS X) AppleWebKit/537.36 (KHTML, like Gecko) Chrome/47.0.7200.1403 Mobile Safari/537.36"
31.57.40.207 - - [02/Aug/2026:17:28:41 -0500] "GET /wp-content/plugins/wp-job-openings/assets/css/general.min.css?ver=3.5.4 HTTP/2" 200 5899 "https://storetransform.com/blog/" "Mozilla/5.0 (iPhone; CPU iPhone OS 11_0 like Mac OS X) AppleWebKit/537.36 (KHTML, like Gecko) Chrome/47.0.7200.1403 Mobile Safari/537.36"
31.57.40.207 - - [02/Aug/2026:17:28:41 -0500] "GET /wp-includes/css/dist/block-library/style.min.css?ver=6.9.1 HTTP/2" 200 14889 "https://storetransform.com/blog/" "Mozilla/5.0 (iPhone; CPU iPhone OS 11_0 like Mac OS X) AppleWebKit/537.36 (KHTML, like Gecko) Chrome/47.0.7200.1403 Mobile Safari/537.36"
31.57.40.207 - - [02/Aug/2026:17:28:41 -0500] "GET /wp-content/themes/twentytwentyone/assets/css/custom-color-overrides.css?ver=1.5 HTTP/2" 200 130 "https://storetransform.com/blog/" "Mozilla/5.0 (iPhone; CPU iPhone OS 11_0 like Mac OS X) AppleWebKit/537.36 (KHTML, like Gecko) Chrome/47.0.7200.1403 Mobile Safari/537.36"
31.57.40.207 - - [02/Aug/2026:17:28:41 -0500] "GET /wp-content/plugins/wp-job-openings/assets/css/style.min.css?ver=3.5.4 HTTP/2" 200 3855 "https://storetransform.com/blog/" "Mozilla/5.0 (iPhone; CPU iPhone OS 11_0 like Mac OS X) AppleWebKit/537.36 (KHTML, like Gecko) Chrome/47.0.7200.1403 Mobile Safari/537.36"
31.57.40.207 - - [02/Aug/2026:17:28:41 -0500] "GET /wp-content/plugins/cleantalk-spam-protect/css/cleantalk-email-decoder.min.css?ver=6.68_1764763990 HTTP/2" 200 545 "https://storetransform.com/blog/" "Mozilla/5.0 (iPhone; CPU iPhone OS 11_0 like Mac OS X) AppleWebKit/537.36 (KHTML, like Gecko) Chrome/47.0.7200.1403 Mobile Safari/537.36"
31.57.40.207 - - [02/Aug/2026:17:28:41 -0500] "GET /wp-content/plugins/cleantalk-spam-protect/css/cleantalk-public.min.css?ver=6.68_1764763990 HTTP/2" 200 853 "https://storetransform.com/blog/" "Mozilla/5.0 (iPhone; CPU iPhone OS 11_0 like Mac OS X) AppleWebKit/537.36 (KHTML, like Gecko) Chrome/47.0.7200.1403 Mobile Safari/537.36"
31.57.40.207 - - [02/Aug/2026:17:28:41 -0500] "GET /wp-content/plugins/country-phone-field-contact-form-7/assets/css/intlTelInput.min.css?ver=6.9.1 HTTP/2" 200 2525 "https://storetransform.com/blog/" "Mozilla/5.0 (iPhone; CPU iPhone OS 11_0 like Mac OS X) AppleWebKit/537.36 (KHTML, like Gecko) Chrome/47.0.7200.1403 Mobile Safari/537.36"
31.57.40.207 - - [02/Aug/2026:17:28:41 -0500] "GET /wp-content/plugins/contact-form-7/includes/css/styles.css?ver=6.1.5 HTTP/2" 200 899 "https://storetransform.com/blog/" "Mozilla/5.0 (iPhone; CPU iPhone OS 11_0 like Mac OS X) AppleWebKit/537.36 (KHTML, like Gecko) Chrome/47.0.7200.1403 Mobile Safari/537.36"
31.57.40.207 - - [02/Aug/2026:17:28:41 -0500] "GET /wp-content/themes/twenty-twenty-one-child/css/animation.css?ver=6.9.1 HTTP/2" 200 1117 "https://storetransform.com/blog/" "Mozilla/5.0 (iPhone; CPU iPhone OS 11_0 like Mac OS X) AppleWebKit/537.36 (KHTML, like Gecko) Chrome/47.0.7200.1403 Mobile Safari/537.36"
31.57.40.207 - - [02/Aug/2026:17:28:41 -0500] "GET /wp-content/plugins/country-phone-field-contact-form-7/assets/css/countrySelect.min.css?ver=6.9.1 HTTP/2" 200 2165 "https://storetransform.com/blog/" "Mozilla/5.0 (iPhone; CPU iPhone OS 11_0 like Mac OS X) AppleWebKit/537.36 (KHTML, like Gecko) Chrome/47.0.7200.1403 Mobile Safari/537.36"
31.57.40.207 - - [02/Aug/2026:17:28:41 -0500] "GET /wp-content/themes/twenty-twenty-one-child/style.css?ver=6.9.1 HTTP/2" 200 1662 "https://storetransform.com/blog/" "Mozilla/5.0 (iPhone; CPU iPhone OS 11_0 like Mac OS X) AppleWebKit/537.36 (KHTML, like Gecko) Chrome/47.0.7200.1403 Mobile Safari/537.36"
31.57.40.207 - - [02/Aug/2026:17:28:41 -0500] "GET /wp-content/plugins/wp-ai-chatbot/assets/css/chatbot.css?ver=1766658601 HTTP/2" 200 3920 "https://storetransform.com/blog/" "Mozilla/5.0 (iPhone; CPU iPhone OS 11_0 like Mac OS X) AppleWebKit/537.36 (KHTML, like Gecko) Chrome/47.0.7200.1403 Mobile Safari/537.36"
31.57.40.207 - - [02/Aug/2026:17:28:41 -0500] "GET /wp-content/plugins/st-stock-management/public/css/st-stock-management-public.css?ver=1.0.0 HTTP/2" 200 807 "https://storetransform.com/blog/" "Mozilla/5.0 (iPhone; CPU iPhone OS 11_0 like Mac OS X) AppleWebKit/537.36 (KHTML, like Gecko) Chrome/47.0.7200.1403 Mobile Safari/537.36"
31.57.40.207 - - [02/Aug/2026:17:28:41 -0500] "GET /wp-content/plugins/newsletter/style.css?ver=9.1.2 HTTP/2" 200 1431 "https://storetransform.com/blog/" "Mozilla/5.0 (iPhone; CPU iPhone OS 11_0 like Mac OS X) AppleWebKit/537.36 (KHTML, like Gecko) Chrome/47.0.7200.1403 Mobile Safari/537.36"
31.57.40.207 - - [02/Aug/2026:17:28:41 -0500] "GET /wp-content/themes/twenty-twenty-one-child/js/custom.js?ver=6.9.1 HTTP/2" 200 2814 "https://storetransform.com/blog/" "Mozilla/5.0 (iPhone; CPU iPhone OS 11_0 like Mac OS X) AppleWebKit/537.36 (KHTML, like Gecko) Chrome/47.0.7200.1403 Mobile Safari/537.36"
31.57.40.207 - - [02/Aug/2026:17:28:41 -0500] "GET /wp-content/themes/twenty-twenty-one-child/css/menu-style.css?ver=6.9.1 HTTP/2" 200 2697 "https://storetransform.com/blog/" "Mozilla/5.0 (iPhone; CPU iPhone OS 11_0 like Mac OS X) AppleWebKit/537.36 (KHTML, like Gecko) Chrome/47.0.7200.1403 Mobile Safari/537.36"
31.57.40.207 - - [02/Aug/2026:17:28:41 -0500] "GET /wp-content/plugins/st-stock-management/public/js/st-stock-management-public.js?ver=1.0.0 HTTP/2" 200 1498 "https://storetransform.com/blog/" "Mozilla/5.0 (iPhone; CPU iPhone OS 11_0 like Mac OS X) AppleWebKit/537.36 (KHTML, like Gecko) Chrome/47.0.7200.1403 Mobile Safari/537.36"
31.57.40.207 - - [02/Aug/2026:17:28:41 -0500] "GET /wp-content/themes/twenty-twenty-one-child/js/st-custom.js?ver=6.9.1 HTTP/2" 200 1815 "https://storetransform.com/blog/" "Mozilla/5.0 (iPhone; CPU iPhone OS 11_0 like Mac OS X) AppleWebKit/537.36 (KHTML, like Gecko) Chrome/47.0.7200.1403 Mobile Safari/537.36"
31.57.40.207 - - [02/Aug/2026:17:28:41 -0500] "GET /wp-content/themes/twenty-twenty-one-child/js/new.js?ver=6.9.1 HTTP/2" 200 157 "https://storetransform.com/blog/" "Mozilla/5.0 (iPhone; CPU iPhone OS 11_0 like Mac OS X) AppleWebKit/537.36 (KHTML, like Gecko) Chrome/47.0.7200.1403 Mobile Safari/537.36"
31.57.40.207 - - [02/Aug/2026:17:28:41 -0500] "GET /wp-content/plugins/wp-ai-chatbot/assets/js/chatbot.js?ver=1766661010 HTTP/2" 200 2567 "https://storetransform.com/blog/" "Mozilla/5.0 (iPhone; CPU iPhone OS 11_0 like Mac OS X) AppleWebKit/537.36 (KHTML, like Gecko) Chrome/47.0.7200.1403 Mobile Safari/537.36"
31.57.40.207 - - [02/Aug/2026:17:28:41 -0500] "GET /wp-content/themes/twenty-twenty-one-child/css/st-custom.css?ver=6.9.1 HTTP/2" 200 6213 "https://storetransform.com/blog/" "Mozilla/5.0 (iPhone; CPU iPhone OS 11_0 like Mac OS X) AppleWebKit/537.36 (KHTML, like Gecko) Chrome/47.0.7200.1403 Mobile Safari/537.36"
31.57.40.207 - - [02/Aug/2026:17:28:41 -0500] "GET /wp-content/themes/twenty-twenty-one-child/css/responsive.css?ver=6.9.1 HTTP/2" 200 8539 "https://storetransform.com/blog/" "Mozilla/5.0 (iPhone; CPU iPhone OS 11_0 like Mac OS X) AppleWebKit/537.36 (KHTML, like Gecko) Chrome/47.0.7200.1403 Mobile Safari/537.36"
31.57.40.207 - - [02/Aug/2026:17:28:41 -0500] "GET /wp-includes/js/jquery/jquery-migrate.min.js?ver=3.4.1 HTTP/2" 200 4678 "https://storetransform.com/blog/" "Mozilla/5.0 (iPhone; CPU iPhone OS 11_0 like Mac OS X) AppleWebKit/537.36 (KHTML, like Gecko) Chrome/47.0.7200.1403 Mobile Safari/537.36"
31.57.40.207 - - [02/Aug/2026:17:28:41 -0500] "GET /wp-content/themes/twenty-twenty-one-child/css/gs-custom.css?ver=6.9.1 HTTP/2" 200 20129 "https://storetransform.com/blog/" "Mozilla/5.0 (iPhone; CPU iPhone OS 11_0 like Mac OS X) AppleWebKit/537.36 (KHTML, like Gecko) Chrome/47.0.7200.1403 Mobile Safari/537.36"
31.57.40.207 - - [02/Aug/2026:17:28:41 -0500] "GET /wp-includes/js/jquery/jquery.min.js?ver=3.7.1 HTTP/2" 200 29744 "https://storetransform.com/blog/" "Mozilla/5.0 (iPhone; CPU iPhone OS 11_0 like Mac OS X) AppleWebKit/537.36 (KHTML, like Gecko) Chrome/47.0.7200.1403 Mobile Safari/537.36"
31.57.40.207 - - [02/Aug/2026:17:28:41 -0500] "GET /wp-content/plugins/cleantalk-spam-protect/js/apbct-public-bundle.min.js?ver=6.68_1764763990 HTTP/2" 200 17093 "https://storetransform.com/blog/" "Mozilla/5.0 (iPhone; CPU iPhone OS 11_0 like Mac OS X) AppleWebKit/537.36 (KHTML, like Gecko) Chrome/47.0.7200.1403 Mobile Safari/537.36"
31.57.40.207 - - [02/Aug/2026:17:28:42 -0500] "GET /wp-content/uploads/2022/06/store-logo.png HTTP/2" 206 500 "https://storetransform.com/blog/" "Mozilla/5.0 (iPhone; CPU iPhone OS 11_0 like Mac OS X) AppleWebKit/537.36 (KHTML, like Gecko) Chrome/47.0.7200.1403 Mobile Safari/537.36"
31.57.40.207 - - [02/Aug/2026:17:28:42 -0500] "GET /wp-content/uploads/2026/07/In-House-SEO-vs-Hiring-an-Agency.png HTTP/2" 206 500 "https://storetransform.com/blog/" "Mozilla/5.0 (iPhone; CPU iPhone OS 11_0 like Mac OS X) AppleWebKit/537.36 (KHTML, like Gecko) Chrome/47.0.7200.1403 Mobile Safari/537.36"
2600:4c00:80:143::3a6 - - [02/Aug/2026:17:28:42 -0500] "POST /wp-cron.php?doing_wp_cron=1785709722.6952700614929199218750 HTTP/1.1" 200 0 "-" "WordPress/6.9.1; https://storetransform.com"
31.57.40.207 - - [02/Aug/2026:17:28:41 -0500] "GET /wp-content/plugins/st-stock-management/includes/style.css?ver=6.9.1 HTTP/2" 404 19993 "https://storetransform.com/blog/" "Mozilla/5.0 (iPhone; CPU iPhone OS 11_0 like Mac OS X) AppleWebKit/537.36 (KHTML, like Gecko) Chrome/47.0.7200.1403 Mobile Safari/537.36"
31.57.40.207 - - [02/Aug/2026:17:28:43 -0500] "GET /wp-content/uploads/2026/07/Best-Google-Ads-Bidding-Strategies-for-US-eCommerce-Brands-in-2026.png HTTP/2" 206 500 "https://storetransform.com/blog/" "Mozilla/5.0 (iPhone; CPU iPhone OS 11_0 like Mac OS X) AppleWebKit/537.36 (KHTML, like Gecko) Chrome/47.0.7200.1403 Mobile Safari/537.36"
31.57.40.207 - - [02/Aug/2026:17:28:43 -0500] "GET /wp-content/uploads/2026/07/Local-SEO-for-Businesses-How-to-Attract-More-Local-Customers-and-Grow-Your-Business-1-1024x1024.png HTTP/2" 206 500 "https://storetransform.com/blog/" "Mozilla/5.0 (iPhone; CPU iPhone OS 11_0 like Mac OS X) AppleWebKit/537.36 (KHTML, like Gecko) Chrome/47.0.7200.1403 Mobile Safari/537.36"
31.57.40.207 - - [02/Aug/2026:17:28:43 -0500] "GET /wp-content/uploads/2026/04/Storetransform-blog-image-5.png HTTP/2" 206 500 "https://storetransform.com/blog/" "Mozilla/5.0 (iPhone; CPU iPhone OS 11_0 like Mac OS X) AppleWebKit/537.36 (KHTML, like Gecko) Chrome/47.0.7200.1403 Mobile Safari/537.36"
31.57.40.207 - - [02/Aug/2026:17:28:43 -0500] "GET /wp-content/plugins/wp-job-openings/assets/js/script.min.js?ver=3.5.4 HTTP/2" 200 14837 "https://storetransform.com/blog/" "Mozilla/5.0 (iPhone; CPU iPhone OS 11_0 like Mac OS X) AppleWebKit/537.36 (KHTML, like Gecko) Chrome/47.0.7200.1403 Mobile Safari/537.36"
31.57.40.207 - - [02/Aug/2026:17:28:43 -0500] "GET /wp-includes/js/dist/hooks.min.js?ver=dd5603f07f9220ed27f1 HTTP/2" 200 1852 "https://storetransform.com/blog/" "Mozilla/5.0 (iPhone; CPU iPhone OS 11_0 like Mac OS X) AppleWebKit/537.36 (KHTML, like Gecko) Chrome/47.0.7200.1403 Mobile Safari/537.36"
31.57.40.207 - - [02/Aug/2026:17:28:43 -0500] "GET /wp-content/plugins/contact-form-7/includes/swv/js/index.js?ver=6.1.5 HTTP/2" 200 3369 "https://storetransform.com/blog/" "Mozilla/5.0 (iPhone; CPU iPhone OS 11_0 like Mac OS X) AppleWebKit/537.36 (KHTML, like Gecko) Chrome/47.0.7200.1403 Mobile Safari/537.36"
31.57.40.207 - - [02/Aug/2026:17:28:43 -0500] "GET /wp-includes/js/dist/i18n.min.js?ver=c26c3dc7bed366793375 HTTP/2" 200 2119 "https://storetransform.com/blog/" "Mozilla/5.0 (iPhone; CPU iPhone OS 11_0 like Mac OS X) AppleWebKit/537.36 (KHTML, like Gecko) Chrome/47.0.7200.1403 Mobile Safari/537.36"
31.57.40.207 - - [02/Aug/2026:17:28:43 -0500] "GET /wp-content/plugins/country-phone-field-contact-form-7/assets/js/intlTelInput.min.js?ver=6.9.1 HTTP/2" 200 9174 "https://storetransform.com/blog/" "Mozilla/5.0 (iPhone; CPU iPhone OS 11_0 like Mac OS X) AppleWebKit/537.36 (KHTML, like Gecko) Chrome/47.0.7200.1403 Mobile Safari/537.36"
31.57.40.207 - - [02/Aug/2026:17:28:43 -0500] "GET /wp-content/plugins/contact-form-7/includes/js/index.js?ver=6.1.5 HTTP/2" 200 4008 "https://storetransform.com/blog/" "Mozilla/5.0 (iPhone; CPU iPhone OS 11_0 like Mac OS X) AppleWebKit/537.36 (KHTML, like Gecko) Chrome/47.0.7200.1403 Mobile Safari/537.36"
31.57.40.207 - - [02/Aug/2026:17:28:43 -0500] "GET /wp-content/themes/twentytwentyone/assets/js/responsive-embeds.js?ver=1.5 HTTP/2" 200 483 "https://storetransform.com/blog/" "Mozilla/5.0 (iPhone; CPU iPhone OS 11_0 like Mac OS X) AppleWebKit/537.36 (KHTML, like Gecko) Chrome/47.0.7200.1403 Mobile Safari/537.36"
31.57.40.207 - - [02/Aug/2026:17:28:43 -0500] "GET /wp-content/plugins/newsletter/main.js?ver=9.1.2 HTTP/2" 200 319 "https://storetransform.com/blog/" "Mozilla/5.0 (iPhone; CPU iPhone OS 11_0 like Mac OS X) AppleWebKit/537.36 (KHTML, like Gecko) Chrome/47.0.7200.1403 Mobile Safari/537.36"
31.57.40.207 - - [02/Aug/2026:17:28:43 -0500] "GET /wp-content/plugins/country-phone-field-contact-form-7/assets/js/countrySelect.min.js?ver=6.9.1 HTTP/2" 200 6121 "https://storetransform.com/blog/" "Mozilla/5.0 (iPhone; CPU iPhone OS 11_0 like Mac OS X) AppleWebKit/537.36 (KHTML, like Gecko) Chrome/47.0.7200.1403 Mobile Safari/537.36"
31.57.40.207 - - [02/Aug/2026:17:28:43 -0500] "GET /wp-content/uploads/2022/06/terms-banner.jpg HTTP/2" 206 500 "https://storetransform.com/blog/" "Mozilla/5.0 (iPhone; CPU iPhone OS 11_0 like Mac OS X) AppleWebKit/537.36 (KHTML, like Gecko) Chrome/47.0.7200.1403 Mobile Safari/537.36"
31.57.40.207 - - [02/Aug/2026:17:28:43 -0500] "GET /wp-content/plugins/st-stock-management/includes/script.js HTTP/2" 404 19995 "https://storetransform.com/blog/" "Mozilla/5.0 (iPhone; CPU iPhone OS 11_0 like Mac OS X) AppleWebKit/537.36 (KHTML, like Gecko) Chrome/47.0.7200.1403 Mobile Safari/537.36"
31.57.40.207 - - [02/Aug/2026:17:28:44 -0500] "GET /wp-includes/js/dist/vendor/wp-polyfill.min.js?ver=3.15.0 HTTP/2" 200 11540 "https://storetransform.com/blog/" "Mozilla/5.0 (iPhone; CPU iPhone OS 11_0 like Mac OS X) AppleWebKit/537.36 (KHTML, like Gecko) Chrome/47.0.7200.1403 Mobile Safari/537.36"
31.57.40.207 - - [02/Aug/2026:17:28:44 -0500] "GET /wp-content/themes/twentytwentyone/assets/js/primary-navigation.js?ver=1.5 HTTP/2" 200 1873 "https://storetransform.com/blog/" "Mozilla/5.0 (iPhone; CPU iPhone OS 11_0 like Mac OS X) AppleWebKit/537.36 (KHTML, like Gecko) Chrome/47.0.7200.1403 Mobile Safari/537.36"
31.57.40.207 - - [02/Aug/2026:17:28:44 -0500] "GET /wp-content/uploads/2025/10/Storetransform-blog-image-.webp HTTP/2" 206 500 "https://storetransform.com/blog/" "Mozilla/5.0 (iPhone; CPU iPhone OS 11_0 like Mac OS X) AppleWebKit/537.36 (KHTML, like Gecko) Chrome/47.0.7200.1403 Mobile Safari/537.36"
31.57.40.207 - - [02/Aug/2026:17:28:44 -0500] "GET /wp-content/plugins/contact-form-7/modules/recaptcha/index.js?ver=6.1.5 HTTP/2" 200 417 "https://storetransform.com/blog/" "Mozilla/5.0 (iPhone; CPU iPhone OS 11_0 like Mac OS X) AppleWebKit/537.36 (KHTML, like Gecko) Chrome/47.0.7200.1403 Mobile Safari/537.36"
31.57.40.207 - - [02/Aug/2026:17:28:44 -0500] "GET /wp-content/uploads/2025/11/Storetransform-blog-image-1.webp HTTP/2" 206 500 "https://storetransform.com/blog/" "Mozilla/5.0 (iPhone; CPU iPhone OS 11_0 like Mac OS X) AppleWebKit/537.36 (KHTML, like Gecko) Chrome/47.0.7200.1403 Mobile Safari/537.36"
31.57.40.207 - - [02/Aug/2026:17:28:44 -0500] "GET /wp-content/uploads/2026/01/Storetransform-blog-image-2.png HTTP/2" 206 500 "https://storetransform.com/blog/" "Mozilla/5.0 (iPhone; CPU iPhone OS 11_0 like Mac OS X) AppleWebKit/537.36 (KHTML, like Gecko) Chrome/47.0.7200.1403 Mobile Safari/537.36"
31.57.40.207 - - [02/Aug/2026:17:28:44 -0500] "GET /wp-content/uploads/2026/02/Storetransform-blog-image-3.png HTTP/2" 206 500 "https://storetransform.com/blog/" "Mozilla/5.0 (iPhone; CPU iPhone OS 11_0 like Mac OS X) AppleWebKit/537.36 (KHTML, like Gecko) Chrome/47.0.7200.1403 Mobile Safari/537.36"
31.57.40.207 - - [02/Aug/2026:17:28:44 -0500] "GET /wp-content/uploads/2025/08/Blogimage-.png HTTP/2" 206 500 "https://storetransform.com/blog/" "Mozilla/5.0 (iPhone; CPU iPhone OS 11_0 like Mac OS X) AppleWebKit/537.36 (KHTML, like Gecko) Chrome/47.0.7200.1403 Mobile Safari/537.36"
31.57.40.207 - - [02/Aug/2026:17:28:44 -0500] "GET /wp-content/plugins/wp-ai-chatbot/assets/js/ui.js HTTP/2" 200 5956 "https://storetransform.com/wp-content/plugins/wp-ai-chatbot/assets/js/chatbot.js?ver=1766661010" "Mozilla/5.0 (iPhone; CPU iPhone OS 11_0 like Mac OS X) AppleWebKit/537.36 (KHTML, like Gecko) Chrome/47.0.7200.1403 Mobile Safari/537.36"
31.57.40.207 - - [02/Aug/2026:17:28:44 -0500] "GET /wp-content/plugins/wp-ai-chatbot/assets/js/chat-engine.js HTTP/2" 200 890 "https://storetransform.com/wp-content/plugins/wp-ai-chatbot/assets/js/chatbot.js?ver=1766661010" "Mozilla/5.0 (iPhone; CPU iPhone OS 11_0 like Mac OS X) AppleWebKit/537.36 (KHTML, like Gecko) Chrome/47.0.7200.1403 Mobile Safari/537.36"
31.57.40.207 - - [02/Aug/2026:17:28:44 -0500] "GET /wp-content/plugins/wp-ai-chatbot/assets/js/utils.js HTTP/2" 200 1068 "https://storetransform.com/wp-content/plugins/wp-ai-chatbot/assets/js/chatbot.js?ver=1766661010" "Mozilla/5.0 (iPhone; CPU iPhone OS 11_0 like Mac OS X) AppleWebKit/537.36 (KHTML, like Gecko) Chrome/47.0.7200.1403 Mobile Safari/537.36"
31.57.40.207 - - [02/Aug/2026:17:28:44 -0500] "GET /wp-content/plugins/wp-ai-chatbot/assets/js/flows.js HTTP/2" 200 10280 "https://storetransform.com/wp-content/plugins/wp-ai-chatbot/assets/js/chatbot.js?ver=1766661010" "Mozilla/5.0 (iPhone; CPU iPhone OS 11_0 like Mac OS X) AppleWebKit/537.36 (KHTML, like Gecko) Chrome/47.0.7200.1403 Mobile Safari/537.36"
31.57.40.207 - - [02/Aug/2026:17:28:44 -0500] "GET /wp-content/plugins/wp-ai-chatbot/assets/js/detect-country.js HTTP/2" 200 426 "https://storetransform.com/wp-content/plugins/wp-ai-chatbot/assets/js/ui.js" "Mozilla/5.0 (iPhone; CPU iPhone OS 11_0 like Mac OS X) AppleWebKit/537.36 (KHTML, like Gecko) Chrome/47.0.7200.1403 Mobile Safari/537.36"
31.57.40.207 - - [02/Aug/2026:17:28:44 -0500] "GET /wp-content/uploads/2025/09/image-16.webp HTTP/2" 206 500 "https://storetransform.com/blog/" "Mozilla/5.0 (iPhone; CPU iPhone OS 11_0 like Mac OS X) AppleWebKit/537.36 (KHTML, like Gecko) Chrome/47.0.7200.1403 Mobile Safari/537.36"
31.57.40.207 - - [02/Aug/2026:17:28:44 -0500] "GET /wp-content/plugins/wp-ai-chatbot/assets/js/country-list.js HTTP/2" 200 1636 "https://storetransform.com/wp-content/plugins/wp-ai-chatbot/assets/js/ui.js" "Mozilla/5.0 (iPhone; CPU iPhone OS 11_0 like Mac OS X) AppleWebKit/537.36 (KHTML, like Gecko) Chrome/47.0.7200.1403 Mobile Safari/537.36"
31.57.40.207 - - [02/Aug/2026:17:28:44 -0500] "GET /wp-content/uploads/2023/06/store-logo.png HTTP/2" 206 500 "https://storetransform.com/blog/" "Mozilla/5.0 (iPhone; CPU iPhone OS 11_0 like Mac OS X) AppleWebKit/537.36 (KHTML, like Gecko) Chrome/47.0.7200.1403 Mobile Safari/537.36"
31.57.40.207 - - [02/Aug/2026:17:28:44 -0500] "GET /wp-content/plugins/wp-ai-chatbot/assets/js/constants.js HTTP/2" 200 469 "https://storetransform.com/wp-content/plugins/wp-ai-chatbot/assets/js/flows.js" "Mozilla/5.0 (iPhone; CPU iPhone OS 11_0 like Mac OS X) AppleWebKit/537.36 (KHTML, like Gecko) Chrome/47.0.7200.1403 Mobile Safari/537.36"
31.57.40.207 - - [02/Aug/2026:17:28:44 -0500] "GET /wp-content/plugins/wp-ai-chatbot/assets/js/edit-button-toggle.js HTTP/2" 200 174 "https://storetransform.com/wp-content/plugins/wp-ai-chatbot/assets/js/flows.js" "Mozilla/5.0 (iPhone; CPU iPhone OS 11_0 like Mac OS X) AppleWebKit/537.36 (KHTML, like Gecko) Chrome/47.0.7200.1403 Mobile Safari/537.36"
31.57.40.207 - - [02/Aug/2026:17:28:45 -0500] "GET /wp-content/uploads/2022/12/footer-bg.webp HTTP/2" 206 500 "https://storetransform.com/wp-content/themes/twenty-twenty-one-child/css/gs-custom.css?ver=6.9.1" "Mozilla/5.0 (iPhone; CPU iPhone OS 11_0 like Mac OS X) AppleWebKit/537.36 (KHTML, like Gecko) Chrome/47.0.7200.1403 Mobile Safari/537.36"
31.57.40.207 - - [02/Aug/2026:17:28:45 -0500] "GET /wp-content/themes/twentytwentyone/assets/css/print.css?ver=1.5 HTTP/2" 200 962 "https://storetransform.com/blog/" "Mozilla/5.0 (iPhone; CPU iPhone OS 11_0 like Mac OS X) AppleWebKit/537.36 (KHTML, like Gecko) Chrome/47.0.7200.1403 Mobile Safari/537.36"
31.57.40.207 - - [02/Aug/2026:17:28:45 -0500] "GET /wp-content/plugins/wp-ai-chatbot/assets/image/storetransform_logo.png HTTP/2" 206 500 "https://storetransform.com/blog/" "Mozilla/5.0 (iPhone; CPU iPhone OS 11_0 like Mac OS X) AppleWebKit/537.36 (KHTML, like Gecko) Chrome/47.0.7200.1403 Mobile Safari/537.36"
31.57.40.207 - - [02/Aug/2026:17:28:45 -0500] "GET /wp-json/wpai/v1/services HTTP/2" 200 1433 "https://storetransform.com/blog/" "Mozilla/5.0 (iPhone; CPU iPhone OS 11_0 like Mac OS X) AppleWebKit/537.36 (KHTML, like Gecko) Chrome/47.0.7200.1403 Mobile Safari/537.36"
31.57.40.207 - - [02/Aug/2026:17:28:45 -0500] "GET /wp-content/plugins/wp-ai-chatbot//assets/image/refresh_icon.svg HTTP/2" 206 467 "https://storetransform.com/blog/" "Mozilla/5.0 (iPhone; CPU iPhone OS 11_0 like Mac OS X) AppleWebKit/537.36 (KHTML, like Gecko) Chrome/47.0.7200.1403 Mobile Safari/537.36"
31.57.40.207 - - [02/Aug/2026:17:28:45 -0500] "GET /wp-content/plugins/wp-ai-chatbot/includes/captcha.php?timestamp=1785709724927 HTTP/2" 200 524 "https://storetransform.com/blog/" "Mozilla/5.0 (iPhone; CPU iPhone OS 11_0 like Mac OS X) AppleWebKit/537.36 (KHTML, like Gecko) Chrome/47.0.7200.1403 Mobile Safari/537.36"
31.57.40.207 - - [02/Aug/2026:17:28:47 -0500] "GET /wp-content/plugins/wp-ai-chatbot//assets/image/send_icon.png HTTP/2" 206 424 "https://storetransform.com/blog/" "Mozilla/5.0 (iPhone; CPU iPhone OS 11_0 like Mac OS X) AppleWebKit/537.36 (KHTML, like Gecko) Chrome/47.0.7200.1403 Mobile Safari/537.36"
187.127.164.239 - - [02/Aug/2026:17:30:31 -0500] "GET /?utm_source=GMap&utm_medium=GMB&utm_campaign=GMB&utm_id=GMB&utm_term=store+transform HTTP/1.1" 200 36376 "-" "Mozilla/5.0 (Windows NT 10.0; Win64; x64) AppleWebKit/537.36 (KHTML, like Gecko) Chrome/124.0 Safari/537.36"
187.127.164.239 - - [02/Aug/2026:17:30:42 -0500] "GET /wp-content/plugins/contact-form-7/includes/css/styles.css?ver=6.1.5 HTTP/1.1" 200 899 "-" "Mozilla/5.0 (Windows NT 10.0; Win64; x64) AppleWebKit/537.36 (KHTML, like Gecko) Chrome/124.0 Safari/537.36"
187.127.164.239 - - [02/Aug/2026:17:30:42 -0500] "GET /wp-content/plugins/country-phone-field-contact-form-7/assets/css/countrySelect.min.css?ver=6.9.1 HTTP/1.1" 200 2165 "-" "Mozilla/5.0 (Windows NT 10.0; Win64; x64) AppleWebKit/537.36 (KHTML, like Gecko) Chrome/124.0 Safari/537.36"
187.127.164.239 - - [02/Aug/2026:17:30:42 -0500] "GET /about-us/ HTTP/1.1" 200 26142 "-" "Mozilla/5.0 (Windows NT 10.0; Win64; x64) AppleWebKit/537.36 (KHTML, like Gecko) Chrome/124.0 Safari/537.36"
187.127.164.239 - - [02/Aug/2026:17:30:42 -0500] "GET /wp-content/plugins/country-phone-field-contact-form-7/assets/css/intlTelInput.min.css?ver=6.9.1 HTTP/1.1" 200 2525 "-" "Mozilla/5.0 (Windows NT 10.0; Win64; x64) AppleWebKit/537.36 (KHTML, like Gecko) Chrome/124.0 Safari/537.36"
2a02:598:96:8a00::b00:227 - - [02/Aug/2026:17:31:22 -0500] "GET /ppc-advertising-run-high-roi-ppc-campaigns-to-reduce-costs/ HTTP/1.1" 200 27502 "-" "Mozilla/5.0 (compatible; SeznamBot/4.0; +https://o-seznam.cz/napoveda/vyhledavani/en/seznambot-crawler/)"
