File: /home/storetra12/access-logs/storetransform.com
2600:4c00:80:143::3a6 - - [02/Aug/2026:08:47:39 -0500] "POST /wp-cron.php?doing_wp_cron=1785678459.1817519664764404296875 HTTP/1.1" 200 0 "-" "WordPress/6.9.1; https://storetransform.com"
34.182.217.43 - - [02/Aug/2026:08:47:35 -0500] "GET / HTTP/1.1" 301 0 "-" "Mozilla/5.0 (compatible; CMS-Checker/1.0; +https://example.com)"
2600:4c00:80:143::3a6 - - [02/Aug/2026:09:11:02 -0500] "POST /wp-cron.php?doing_wp_cron=1785679862.6677639484405517578125 HTTP/1.1" 200 0 "-" "WordPress/6.9.1; https://storetransform.com"
43.165.198.144 - - [02/Aug/2026:09:11:01 -0500] "GET / HTTP/1.1" 301 0 "-" "Mozilla/5.0 (iPhone; CPU iPhone OS 13_2_3 like Mac OS X) AppleWebKit/605.1.15 (KHTML, like Gecko) Version/13.0.3 Mobile/15E148 Safari/604.1"
2600:4c00:80:143::3a6 - - [02/Aug/2026:09:23:01 -0500] "POST /wp-cron.php?doing_wp_cron=1785680581.1061038970947265625000 HTTP/1.1" 200 0 "-" "WordPress/6.9.1; https://storetransform.com"
34.75.236.164 - - [02/Aug/2026:09:22:57 -0500] "GET / HTTP/1.1" 301 0 "-" "Mozilla/5.0 (compatible; CMS-Checker/1.0; +https://example.com)"
2600:4c00:80:143::3a6 - - [02/Aug/2026:09:46:56 -0500] "POST /wp-cron.php?doing_wp_cron=1785682016.5251829624176025390625 HTTP/1.1" 200 0 "-" "WordPress/6.9.1; https://storetransform.com"
144.126.208.102 - - [02/Aug/2026:09:46:55 -0500] "GET / HTTP/1.1" 301 0 "-" "Mozilla/5.0 (X11; Linux x86_64) AppleWebKit/537.36 (KHTML, like Gecko) Chrome/142.0.0.0 Safari/537.36"
144.126.208.102 - - [02/Aug/2026:09:46:56 -0500] "GET /favicon.ico HTTP/1.1" 404 1251 "http://storetransform.com/" "Mozilla/5.0 (X11; Linux x86_64) AppleWebKit/537.36 (KHTML, like Gecko) Chrome/142.0.0.0 Safari/537.36"
2600:4c00:80:143::3a6 - - [02/Aug/2026:09:53:28 -0500] "POST /wp-cron.php?doing_wp_cron=1785682408.4535639286041259765625 HTTP/1.1" 200 0 "-" "WordPress/6.9.1; https://storetransform.com"
129.226.174.80 - - [02/Aug/2026:09:53:27 -0500] "GET / HTTP/1.1" 301 0 "-" "Mozilla/5.0 (iPhone; CPU iPhone OS 13_2_3 like Mac OS X) AppleWebKit/605.1.15 (KHTML, like Gecko) Version/13.0.3 Mobile/15E148 Safari/604.1"
2600:4c00:80:143::3a6 - - [02/Aug/2026:09:57:37 -0500] "POST /wp-cron.php?doing_wp_cron=1785682657.6006660461425781250000 HTTP/1.1" 200 0 "-" "WordPress/6.9.1; https://storetransform.com"
34.75.236.164 - - [02/Aug/2026:09:57:33 -0500] "GET / HTTP/1.1" 301 0 "-" "Mozilla/5.0 (Windows NT 10.0; Win64; x64) AppleWebKit/537.36 (KHTML, like Gecko) Chrome/78.0.3904.108 Safari/537.36"
2600:4c00:80:143::3a6 - - [02/Aug/2026:10:14:42 -0500] "POST /wp-cron.php?doing_wp_cron=1785683682.9673440456390380859375 HTTP/1.1" 200 0 "-" "WordPress/6.9.1; https://storetransform.com"
44.244.45.87 - - [02/Aug/2026:10:14:39 -0500] "GET / HTTP/1.1" 301 0 "-" "Mozilla/5.0 (Windows NT 10.0; Win64; x64) AppleWebKit/537.36 (KHTML, like Gecko) Chrome/113.0.0.0 Safari/537.36"
2600:4c00:80:143::3a6 - - [02/Aug/2026:10:29:49 -0500] "POST /wp-cron.php?doing_wp_cron=1785684589.4674069881439208984375 HTTP/1.1" 200 0 "-" "WordPress/6.9.1; https://storetransform.com"
14.37.142.106 - - [02/Aug/2026:10:29:45 -0500] "GET /wp-json/wp/v2/users HTTP/1.1" 401 108 "https://www.google.com" "Mozilla/5.0 (X11; Linux x86_64) AppleWebKit/537.36 (KHTML, like Gecko) Chrome/119.0.0.0 Safari/537.36"
14.37.142.106 - - [02/Aug/2026:10:29:50 -0500] "GET /?author=1 HTTP/1.1" 404 18038 "https://www.google.com" "Mozilla/5.0 (X11; Linux x86_64) AppleWebKit/537.36 (KHTML, like Gecko) Chrome/119.0.0.0 Safari/537.36"
14.37.142.106 - - [02/Aug/2026:10:29:57 -0500] "GET /wp-login.php HTTP/1.1" 404 18010 "https://www.google.com" "Mozilla/5.0 (X11; Linux x86_64) AppleWebKit/537.36 (KHTML, like Gecko) Chrome/119.0.0.0 Safari/537.36"
14.37.142.106 - - [02/Aug/2026:10:29:59 -0500] "GET /wp-login.php HTTP/1.1" 404 18010 "https://www.google.com" "Mozilla/5.0 (X11; Linux x86_64) AppleWebKit/537.36 (KHTML, like Gecko) Chrome/119.0.0.0 Safari/537.36"
14.37.142.106 - - [02/Aug/2026:10:30:00 -0500] "GET /wp-admin/admin HTTP/1.1" 404 18009 "https://www.google.com" "Mozilla/5.0 (X11; Linux x86_64) AppleWebKit/537.36 (KHTML, like Gecko) Chrome/119.0.0.0 Safari/537.36"
14.37.142.106 - - [02/Aug/2026:10:30:02 -0500] "GET /wp-admin HTTP/1.1" 301 795 "https://www.google.com" "Mozilla/5.0 (X11; Linux x86_64) AppleWebKit/537.36 (KHTML, like Gecko) Chrome/119.0.0.0 Safari/537.36"
2600:4c00:80:143::3a6 - - [02/Aug/2026:10:30:04 -0500] "POST /wp-cron.php?doing_wp_cron=1785684604.3365390300750732421875 HTTP/1.1" 200 0 "-" "WordPress/6.9.1; https://storetransform.com"
14.37.142.106 - - [02/Aug/2026:10:30:03 -0500] "GET /wp-admin/ HTTP/1.1" 302 0 "https://www.google.com" "Mozilla/5.0 (X11; Linux x86_64) AppleWebKit/537.36 (KHTML, like Gecko) Chrome/119.0.0.0 Safari/537.36"
14.37.142.106 - - [02/Aug/2026:10:30:08 -0500] "GET /wp-login HTTP/1.1" 404 18009 "https://www.google.com" "Mozilla/5.0 (X11; Linux x86_64) AppleWebKit/537.36 (KHTML, like Gecko) Chrome/119.0.0.0 Safari/537.36"
14.37.142.106 - - [02/Aug/2026:10:30:28 -0500] "GET /admin/index.php HTTP/1.1" 301 0 "https://www.google.com" "Mozilla/5.0 (X11; Linux x86_64) AppleWebKit/537.36 (KHTML, like Gecko) Chrome/119.0.0.0 Safari/537.36"
14.37.142.106 - - [02/Aug/2026:10:30:29 -0500] "GET /admin/ HTTP/1.1" 404 18003 "https://www.google.com" "Mozilla/5.0 (X11; Linux x86_64) AppleWebKit/537.36 (KHTML, like Gecko) Chrome/119.0.0.0 Safari/537.36"
14.37.142.106 - - [02/Aug/2026:10:30:31 -0500] "GET /admin/controller HTTP/1.1" 404 18003 "https://www.google.com" "Mozilla/5.0 (X11; Linux x86_64) AppleWebKit/537.36 (KHTML, like Gecko) Chrome/119.0.0.0 Safari/537.36"
14.37.142.106 - - [02/Aug/2026:10:30:32 -0500] "GET /admin/model HTTP/1.1" 404 18010 "https://www.google.com" "Mozilla/5.0 (X11; Linux x86_64) AppleWebKit/537.36 (KHTML, like Gecko) Chrome/119.0.0.0 Safari/537.36"
14.37.142.106 - - [02/Aug/2026:10:30:34 -0500] "GET /admin/view HTTP/1.1" 404 18003 "https://www.google.com" "Mozilla/5.0 (X11; Linux x86_64) AppleWebKit/537.36 (KHTML, like Gecko) Chrome/119.0.0.0 Safari/537.36"
14.37.142.106 - - [02/Aug/2026:10:30:35 -0500] "GET /admin/language HTTP/1.1" 404 18010 "https://www.google.com" "Mozilla/5.0 (X11; Linux x86_64) AppleWebKit/537.36 (KHTML, like Gecko) Chrome/119.0.0.0 Safari/537.36"
14.37.142.106 - - [02/Aug/2026:10:30:37 -0500] "GET /admin/config.php HTTP/1.1" 404 18009 "https://www.google.com" "Mozilla/5.0 (X11; Linux x86_64) AppleWebKit/537.36 (KHTML, like Gecko) Chrome/119.0.0.0 Safari/537.36"
14.37.142.106 - - [02/Aug/2026:10:30:38 -0500] "GET /catalog HTTP/1.1" 404 18010 "https://www.google.com" "Mozilla/5.0 (X11; Linux x86_64) AppleWebKit/537.36 (KHTML, like Gecko) Chrome/119.0.0.0 Safari/537.36"
2600:4c00:80:143::3a6 - - [02/Aug/2026:10:30:40 -0500] "POST /wp-cron.php?doing_wp_cron=1785684640.5580439567565917968750 HTTP/1.1" 200 0 "-" "WordPress/6.9.1; https://storetransform.com"
14.37.142.106 - - [02/Aug/2026:10:30:40 -0500] "GET /system HTTP/1.1" 404 18009 "https://www.google.com" "Mozilla/5.0 (X11; Linux x86_64) AppleWebKit/537.36 (KHTML, like Gecko) Chrome/119.0.0.0 Safari/537.36"
14.37.142.106 - - [02/Aug/2026:10:30:41 -0500] "GET /system/storage HTTP/1.1" 404 18010 "https://www.google.com" "Mozilla/5.0 (X11; Linux x86_64) AppleWebKit/537.36 (KHTML, like Gecko) Chrome/119.0.0.0 Safari/537.36"
14.37.142.106 - - [02/Aug/2026:10:30:43 -0500] "GET /system/library HTTP/1.1" 404 18010 "https://www.google.com" "Mozilla/5.0 (X11; Linux x86_64) AppleWebKit/537.36 (KHTML, like Gecko) Chrome/119.0.0.0 Safari/537.36"
14.37.142.106 - - [02/Aug/2026:10:30:45 -0500] "GET /image HTTP/1.1" 404 18010 "https://www.google.com" "Mozilla/5.0 (X11; Linux x86_64) AppleWebKit/537.36 (KHTML, like Gecko) Chrome/119.0.0.0 Safari/537.36"
14.37.142.106 - - [02/Aug/2026:10:30:46 -0500] "GET /config.php HTTP/1.1" 404 18010 "https://www.google.com" "Mozilla/5.0 (X11; Linux x86_64) AppleWebKit/537.36 (KHTML, like Gecko) Chrome/119.0.0.0 Safari/537.36"
14.37.142.106 - - [02/Aug/2026:10:30:48 -0500] "GET /admin HTTP/1.1" 404 18012 "https://www.google.com" "Mozilla/5.0 (X11; Linux x86_64) AppleWebKit/537.36 (KHTML, like Gecko) Chrome/119.0.0.0 Safari/537.36"
14.37.142.106 - - [02/Aug/2026:10:30:49 -0500] "GET /adminpanel HTTP/1.1" 404 18009 "https://www.google.com" "Mozilla/5.0 (X11; Linux x86_64) AppleWebKit/537.36 (KHTML, like Gecko) Chrome/119.0.0.0 Safari/537.36"
14.37.142.106 - - [02/Aug/2026:10:30:51 -0500] "GET /control HTTP/1.1" 404 18010 "https://www.google.com" "Mozilla/5.0 (X11; Linux x86_64) AppleWebKit/537.36 (KHTML, like Gecko) Chrome/119.0.0.0 Safari/537.36"
14.37.142.106 - - [02/Aug/2026:10:30:53 -0500] "GET /panel HTTP/1.1" 404 18009 "https://www.google.com" "Mozilla/5.0 (X11; Linux x86_64) AppleWebKit/537.36 (KHTML, like Gecko) Chrome/119.0.0.0 Safari/537.36"
14.37.142.106 - - [02/Aug/2026:10:30:54 -0500] "GET /manage HTTP/1.1" 404 18010 "https://www.google.com" "Mozilla/5.0 (X11; Linux x86_64) AppleWebKit/537.36 (KHTML, like Gecko) Chrome/119.0.0.0 Safari/537.36"
14.37.142.106 - - [02/Aug/2026:10:30:56 -0500] "GET /system HTTP/1.1" 404 18009 "https://www.google.com" "Mozilla/5.0 (X11; Linux x86_64) AppleWebKit/537.36 (KHTML, like Gecko) Chrome/119.0.0.0 Safari/537.36"
14.37.142.106 - - [02/Aug/2026:10:30:57 -0500] "GET /dashboard HTTP/1.1" 404 18009 "https://www.google.com" "Mozilla/5.0 (X11; Linux x86_64) AppleWebKit/537.36 (KHTML, like Gecko) Chrome/119.0.0.0 Safari/537.36"
14.37.142.106 - - [02/Aug/2026:10:30:59 -0500] "GET /secure HTTP/1.1" 404 18010 "https://www.google.com" "Mozilla/5.0 (X11; Linux x86_64) AppleWebKit/537.36 (KHTML, like Gecko) Chrome/119.0.0.0 Safari/537.36"
14.37.142.106 - - [02/Aug/2026:10:31:57 -0500] "GET /admin/ HTTP/1.1" 404 18003 "https://www.google.com" "Mozilla/5.0 (X11; Linux x86_64) AppleWebKit/537.36 (KHTML, like Gecko) Chrome/119.0.0.0 Safari/537.36"
14.37.142.106 - - [02/Aug/2026:10:31:58 -0500] "GET /sales_order/ HTTP/1.1" 404 18010 "https://www.google.com" "Mozilla/5.0 (X11; Linux x86_64) AppleWebKit/537.36 (KHTML, like Gecko) Chrome/119.0.0.0 Safari/537.36"
14.37.142.106 - - [02/Aug/2026:10:32:00 -0500] "GET /admin/dashboard/ HTTP/1.1" 404 18009 "https://www.google.com" "Mozilla/5.0 (X11; Linux x86_64) AppleWebKit/537.36 (KHTML, like Gecko) Chrome/119.0.0.0 Safari/537.36"
2600:4c00:80:143::3a6 - - [02/Aug/2026:10:32:02 -0500] "POST /wp-cron.php?doing_wp_cron=1785684722.2311589717864990234375 HTTP/1.1" 200 0 "-" "WordPress/6.9.1; https://storetransform.com"
14.37.142.106 - - [02/Aug/2026:10:32:01 -0500] "GET /admin/login/ HTTP/1.1" 404 18009 "https://www.google.com" "Mozilla/5.0 (X11; Linux x86_64) AppleWebKit/537.36 (KHTML, like Gecko) Chrome/119.0.0.0 Safari/537.36"
14.37.142.106 - - [02/Aug/2026:10:32:03 -0500] "GET /rest/ HTTP/1.1" 404 18010 "https://www.google.com" "Mozilla/5.0 (X11; Linux x86_64) AppleWebKit/537.36 (KHTML, like Gecko) Chrome/119.0.0.0 Safari/537.36"
14.37.142.106 - - [02/Aug/2026:10:32:05 -0500] "GET /graphql/ HTTP/1.1" 404 18010 "https://www.google.com" "Mozilla/5.0 (X11; Linux x86_64) AppleWebKit/537.36 (KHTML, like Gecko) Chrome/119.0.0.0 Safari/537.36"
14.37.142.106 - - [02/Aug/2026:10:32:06 -0500] "GET /admin_/ HTTP/1.1" 404 18009 "https://www.google.com" "Mozilla/5.0 (X11; Linux x86_64) AppleWebKit/537.36 (KHTML, like Gecko) Chrome/119.0.0.0 Safari/537.36"
14.37.142.106 - - [02/Aug/2026:10:32:26 -0500] "GET /administrator HTTP/1.1" 404 18010 "https://www.google.com" "Mozilla/5.0 (X11; Linux x86_64) AppleWebKit/537.36 (KHTML, like Gecko) Chrome/119.0.0.0 Safari/537.36"
14.37.142.106 - - [02/Aug/2026:10:32:27 -0500] "GET /administrator/index.php HTTP/1.1" 301 0 "https://www.google.com" "Mozilla/5.0 (X11; Linux x86_64) AppleWebKit/537.36 (KHTML, like Gecko) Chrome/119.0.0.0 Safari/537.36"
14.37.142.106 - - [02/Aug/2026:10:32:28 -0500] "GET /administrator/ HTTP/1.1" 404 18009 "https://www.google.com" "Mozilla/5.0 (X11; Linux x86_64) AppleWebKit/537.36 (KHTML, like Gecko) Chrome/119.0.0.0 Safari/537.36"
14.37.142.106 - - [02/Aug/2026:10:32:30 -0500] "GET /administrator/manifests/files/joomla.xml HTTP/1.1" 404 18010 "https://www.google.com" "Mozilla/5.0 (X11; Linux x86_64) AppleWebKit/537.36 (KHTML, like Gecko) Chrome/119.0.0.0 Safari/537.36"
14.37.142.106 - - [02/Aug/2026:10:32:32 -0500] "GET /administrator/templates HTTP/1.1" 404 18009 "https://www.google.com" "Mozilla/5.0 (X11; Linux x86_64) AppleWebKit/537.36 (KHTML, like Gecko) Chrome/119.0.0.0 Safari/537.36"
14.37.142.106 - - [02/Aug/2026:10:32:33 -0500] "GET /administrator/language HTTP/1.1" 404 18010 "https://www.google.com" "Mozilla/5.0 (X11; Linux x86_64) AppleWebKit/537.36 (KHTML, like Gecko) Chrome/119.0.0.0 Safari/537.36"
14.37.142.106 - - [02/Aug/2026:10:32:54 -0500] "GET /admin HTTP/1.1" 404 18012 "https://www.google.com" "Mozilla/5.0 (X11; Linux x86_64) AppleWebKit/537.36 (KHTML, like Gecko) Chrome/119.0.0.0 Safari/537.36"
2602:80d:1008::58 - - [02/Aug/2026:10:46:23 -0500] "GET /robots.txt HTTP/1.1" 200 78 "-" "Mozilla/5.0 (compatible; CensysInspect/1.1; +https://about.censys.io/)"
2602:80d:1008::58 - - [02/Aug/2026:10:46:25 -0500] "GET /favicon.ico HTTP/1.1" 404 1251 "-" "Mozilla/5.0 (compatible; CensysInspect/1.1; +https://about.censys.io/)"
2602:80d:1008::58 - - [02/Aug/2026:10:46:28 -0500] "GET /hkzzepbyucwwtx HTTP/1.1" 404 18001 "-" "Mozilla/5.0 (compatible; CensysInspect/1.1; +https://about.censys.io/)"
2600:4c00:80:143::3a6 - - [02/Aug/2026:11:24:02 -0500] "POST /wp-cron.php?doing_wp_cron=1785687842.7234580516815185546875 HTTP/1.1" 200 0 "-" "WordPress/6.9.1; https://storetransform.com"
2602:80d:1007::61 - - [02/Aug/2026:11:23:58 -0500] "GET / HTTP/1.1" 301 0 "-" "Mozilla/5.0 (compatible; CensysInspect/1.1; +https://about.censys.io/)"
2602:80d:1007::61 - - [02/Aug/2026:11:24:07 -0500] "GET /wiki HTTP/1.1" 404 18028 "-" "Mozilla/5.0 (compatible; CensysInspect/1.1; +https://about.censys.io/)"
82.157.21.246 - - [02/Aug/2026:11:26:47 -0500] "GET /robots.txt HTTP/1.1" 200 78 "http://storetransform.com/robots.txt" "Mozilla/5.0 (Windows NT 10.0; Win64; x64) AppleWebKit/537.36 (KHTML, like Gecko) Chrome/101.0.4951.64 Safari/537.36 Edg/101.0.1210.47"
114.119.154.229 - - [02/Aug/2026:11:46:59 -0500] "GET /robots.txt HTTP/1.1" 200 78 "http://storetransform.com/robots.txt" "Mozilla/5.0 (compatible;PetalBot;+https://webmaster.petalsearch.com/site/petalbot)"
2602:80d:1007::2e - - [02/Aug/2026:11:47:15 -0500] "GET / HTTP/1.1" 301 0 "-" "Mozilla/5.0 (compatible; CensysInspect/1.1; +https://about.censys.io/)"
2602:80d:1007::2e - - [02/Aug/2026:11:48:23 -0500] "GET /.well-known/security.txt HTTP/1.1" 404 18001 "-" "Mozilla/5.0 (compatible; CensysInspect/1.1; +https://about.censys.io/)"
216.244.66.244 - - [02/Aug/2026:13:15:51 -0500] "GET /robots.txt HTTP/1.1" 200 78 "-" "Mozilla/5.0 (compatible; DotBot/1.2; +https://opensiteexplorer.org/dotbot; help@moz.com)"
66.249.65.198 - - [02/Aug/2026:13:16:16 -0500] "GET /robots.txt HTTP/1.1" 200 78 "-" "Mozilla/5.0 (compatible; Googlebot/2.1; +http://www.google.com/bot.html)"
216.244.66.244 - - [02/Aug/2026:13:31:53 -0500] "GET /jobs/it-project-manager-wordpress-e-commerce/ HTTP/1.1" 200 81198 "-" "Mozilla/5.0 (compatible; DotBot/1.2; +https://opensiteexplorer.org/dotbot; help@moz.com)"
54.236.1.53 - - [02/Aug/2026:13:32:18 -0500] "GET /robots.txt HTTP/1.1" 200 78 "-" "Mozilla/5.0 (compatible; Pinterestbot/1.0; +http://www.pinterest.com/bot.html)"
2600:4c00:80:143::3a6 - - [02/Aug/2026:13:40:35 -0500] "POST /wp-cron.php?doing_wp_cron=1785696035.2070300579071044921875 HTTP/1.1" 200 0 "-" "WordPress/6.9.1; https://storetransform.com"
104.223.56.85 - - [02/Aug/2026:13:40:33 -0500] "GET /wp-login.php HTTP/1.1" 404 18008 "-" "Mozilla/5.0"
2600:4c00:80:143::3a6 - - [02/Aug/2026:13:40:40 -0500] "POST /wp-cron.php?doing_wp_cron=1785696040.3600859642028808593750 HTTP/1.1" 200 0 "-" "WordPress/6.9.1; https://storetransform.com"
43.163.206.70 - - [02/Aug/2026:13:40:40 -0500] "GET / HTTP/1.1" 301 0 "-" "Mozilla/5.0 (iPhone; CPU iPhone OS 13_2_3 like Mac OS X) AppleWebKit/605.1.15 (KHTML, like Gecko) Version/13.0.3 Mobile/15E148 Safari/604.1"
38.15.44.235 - - [02/Aug/2026:14:07:20 -0500] "GET /robots.txt HTTP/1.1" 200 78 "-" "Mozilla/5.0 (Linux; Android 14; Pixel 8) AppleWebKit/537.36 (KHTML, like Gecko) Chrome/125.0.6422.165 Mobile Safari/537.36"
2600:4c00:80:143::3a6 - - [02/Aug/2026:14:30:45 -0500] "POST /wp-cron.php?doing_wp_cron=1785699045.5137310028076171875000 HTTP/1.1" 200 0 "-" "WordPress/6.9.1; https://storetransform.com"
120.53.249.161 - - [02/Aug/2026:14:30:45 -0500] "GET /tag/best-seo-practices/ HTTP/1.1" 200 19408 "-" "Mozilla/5.0 (Macintosh; Intel Mac OS X 10_15_7) AppleWebKit/537.36 (KHTML, like Gecko) Chrome/149.0.0.0 Safari/537.36"
211.159.172.186 - - [02/Aug/2026:14:31:17 -0500] "GET /tag/best-seo-practices/ HTTP/1.1" 200 19408 "-" "Mozilla/5.0 (Macintosh; Intel Mac OS X 10_15_7) AppleWebKit/537.36 (KHTML, like Gecko) Chrome/149.0.0.0 Safari/537.36"
2602:80d:1007::15 - - [02/Aug/2026:14:52:43 -0500] "GET / HTTP/1.1" 301 0 "-" "Mozilla/5.0 (compatible; CensysInspect/1.1; +https://about.censys.io/)"
2600:4c00:80:143::3a6 - - [02/Aug/2026:14:53:28 -0500] "POST /wp-cron.php?doing_wp_cron=1785700408.2306590080261230468750 HTTP/1.1" 200 0 "-" "WordPress/6.9.1; https://storetransform.com"
2602:80d:1007::15 - - [02/Aug/2026:14:53:27 -0500] "GET /.well-known/security.txt HTTP/1.1" 404 18028 "-" "Mozilla/5.0 (compatible; CensysInspect/1.1; +https://about.censys.io/)"
2602:80d:1008::32 - - [02/Aug/2026:14:53:42 -0500] "GET / HTTP/1.1" 301 0 "-" "Mozilla/5.0 (compatible; CensysInspect/1.1; +https://about.censys.io/)"
2602:80d:1008::32 - - [02/Aug/2026:14:55:24 -0500] "GET /.well-known/security.txt HTTP/1.1" 404 18028 "-" "Mozilla/5.0 (compatible; CensysInspect/1.1; +https://about.censys.io/)"
2602:80d:1007::29 - - [02/Aug/2026:14:58:24 -0500] "GET / HTTP/1.1" 301 0 "-" "Mozilla/5.0 (compatible; CensysInspect/1.1; +https://about.censys.io/)"
2602:80d:1007::29 - - [02/Aug/2026:15:05:06 -0500] "GET /login HTTP/1.1" 404 18000 "-" "Mozilla/5.0 (compatible; CensysInspect/1.1; +https://about.censys.io/)"
2600:4c00:80:143::3a6 - - [02/Aug/2026:17:16:10 -0500] "POST /wp-cron.php?doing_wp_cron=1785708970.0359170436859130859375 HTTP/1.1" 200 0 "-" "WordPress/6.9.1; https://storetransform.com"
43.173.181.2 - - [02/Aug/2026:17:16:09 -0500] "GET / HTTP/1.1" 301 0 "-" "Mozilla/5.0 (Windows NT 10.0; Win64; x64) AppleWebKit/537.36 (KHTML, like Gecko) Chrome/106.0.5249.119 Safari/537.36"
2600:4c00:80:143::3a6 - - [02/Aug/2026:18:40:33 -0500] "POST /wp-cron.php?doing_wp_cron=1785714033.1781411170959472656250 HTTP/1.1" 200 0 "-" "WordPress/6.9.1; https://storetransform.com"
50.96.41.41 - - [02/Aug/2026:18:40:32 -0500] "GET /administrator/ HTTP/1.1" 404 18009 "-" "Mozilla/5.0 (Windows NT 10.7; Win64; x94) AppleWebKit/537.36 (KHTML, like Gecko) Chrome/117.0.0.0 Safari/537.36"
50.96.41.41 - - [02/Aug/2026:18:40:33 -0500] "GET /administrator/index.php HTTP/1.1" 301 0 "http://storetransform.com/administrator/" "Mozilla/5.0 (Windows NT 10.7; Win64; x94) AppleWebKit/537.36 (KHTML, like Gecko) Chrome/117.0.0.0 Safari/537.36"
50.96.41.41 - - [02/Aug/2026:18:40:34 -0500] "GET /administrator/ HTTP/1.1" 404 18009 "http://storetransform.com/administrator/" "Mozilla/5.0 (Windows NT 10.7; Win64; x94) AppleWebKit/537.36 (KHTML, like Gecko) Chrome/117.0.0.0 Safari/537.36"
50.96.41.41 - - [02/Aug/2026:18:40:34 -0500] "GET /wp-login.php HTTP/1.1" 404 18008 "-" "Mozilla/5.0 (Windows NT 10.7; Win64; x94) AppleWebKit/537.36 (KHTML, like Gecko) Chrome/117.0.0.0 Safari/537.36"
50.96.41.41 - - [02/Aug/2026:18:40:35 -0500] "GET /wp-admin/ HTTP/1.1" 302 0 "http://storetransform.com/wp-login.php" "Mozilla/5.0 (Windows NT 10.7; Win64; x94) AppleWebKit/537.36 (KHTML, like Gecko) Chrome/117.0.0.0 Safari/537.36"
50.96.41.41 - - [02/Aug/2026:18:40:38 -0500] "GET /admin.php HTTP/1.1" 404 18009 "-" "Mozilla/5.0 (Windows NT 10.7; Win64; x94) AppleWebKit/537.36 (KHTML, like Gecko) Chrome/117.0.0.0 Safari/537.36"
2600:4c00:80:143::3a6 - - [02/Aug/2026:18:40:40 -0500] "POST /wp-cron.php?doing_wp_cron=1785714040.2321109771728515625000 HTTP/1.1" 200 0 "-" "WordPress/6.9.1; https://storetransform.com"
50.96.41.41 - - [02/Aug/2026:18:40:39 -0500] "GET /admin HTTP/1.1" 404 18009 "-" "Mozilla/5.0 (Windows NT 10.7; Win64; x94) AppleWebKit/537.36 (KHTML, like Gecko) Chrome/117.0.0.0 Safari/537.36"
50.96.41.41 - - [02/Aug/2026:18:40:40 -0500] "GET /admin HTTP/1.1" 404 18009 "-" "Mozilla/5.0 (Windows NT 10.7; Win64; x94) AppleWebKit/537.36 (KHTML, like Gecko) Chrome/117.0.0.0 Safari/537.36"
50.96.41.41 - - [02/Aug/2026:18:40:41 -0500] "GET /admin/ HTTP/1.1" 404 18009 "-" "Mozilla/5.0 (Windows NT 10.7; Win64; x94) AppleWebKit/537.36 (KHTML, like Gecko) Chrome/117.0.0.0 Safari/537.36"
2600:4c00:80:143::3a6 - - [02/Aug/2026:18:54:30 -0500] "POST /wp-cron.php?doing_wp_cron=1785714870.4787609577178955078125 HTTP/1.1" 200 0 "-" "WordPress/6.9.1; https://storetransform.com"
43.156.37.91 - - [02/Aug/2026:18:54:29 -0500] "GET / HTTP/1.1" 301 0 "-" "Mozilla/5.0 (iPhone; CPU iPhone OS 13_2_3 like Mac OS X) AppleWebKit/605.1.15 (KHTML, like Gecko) Version/13.0.3 Mobile/15E148 Safari/604.1"
2600:4c00:80:143::3a6 - - [02/Aug/2026:19:34:12 -0500] "POST /wp-cron.php?doing_wp_cron=1785717252.1124858856201171875000 HTTP/1.1" 200 0 "-" "WordPress/6.9.1; https://storetransform.com"
14.187.170.22 - - [02/Aug/2026:19:34:10 -0500] "GET http://storetransform.com/?trk=public_profile__posts-text HTTP/1.1" 301 0 "-" "Mozilla/5.0 (Macintosh; Intel Mac OS X 10_15_7) AppleWebKit/537.36 (KHTML, like Gecko) Chrome/124.0.0.0 Safari/537.36"
2600:4c00:80:143::3a6 - - [02/Aug/2026:19:44:20 -0500] "POST /wp-cron.php?doing_wp_cron=1785717860.7183890342712402343750 HTTP/1.1" 200 0 "-" "WordPress/6.9.1; https://storetransform.com"
43.155.157.239 - - [02/Aug/2026:19:44:19 -0500] "GET / HTTP/1.1" 301 0 "-" "Mozilla/5.0 (iPhone; CPU iPhone OS 13_2_3 like Mac OS X) AppleWebKit/605.1.15 (KHTML, like Gecko) Version/13.0.3 Mobile/15E148 Safari/604.1"